{"id":8257,"date":"2025-11-04T07:15:08","date_gmt":"2025-11-04T07:15:08","guid":{"rendered":"https:\/\/www.strokeforeningen-helsingborg.se\/?page_id=8257"},"modified":"2025-11-04T07:22:17","modified_gmt":"2025-11-04T07:22:17","slug":"oktobers-aktiviteter-2025","status":"publish","type":"page","link":"https:\/\/www.strokeforeningen-helsingborg.se\/?page_id=8257","title":{"rendered":"Oktobers aktiviteter 2025."},"content":{"rendered":"\n<div class=\"wp-block-image\"><figure class=\"aligncenter size-full is-resized\"><a href=\"http:\/\/www.strokeforeningen-helsingborg.se\/wp-content\/uploads\/2025\/11\/Enkegarden-ANG.jpg\"><img loading=\"lazy\" src=\"https:\/\/www.strokeforeningen-helsingborg.se\/wp-content\/uploads\/2025\/11\/Enkegarden-ANG.jpg\" alt=\"\" class=\"wp-image-8258\" width=\"490\" height=\"277\" srcset=\"https:\/\/www.strokeforeningen-helsingborg.se\/wp-content\/uploads\/2025\/11\/Enkegarden-ANG.jpg 926w, https:\/\/www.strokeforeningen-helsingborg.se\/wp-content\/uploads\/2025\/11\/Enkegarden-ANG-300x169.jpg 300w, https:\/\/www.strokeforeningen-helsingborg.se\/wp-content\/uploads\/2025\/11\/Enkegarden-ANG-768x433.jpg 768w\" sizes=\"(max-width: 490px) 100vw, 490px\" \/><\/a><figcaption><strong>Foto<\/strong>: <em>Maj L<\/em><\/figcaption><\/figure><\/div>\n\n\n\n<p class=\"has-medium-font-size\"><strong><em>Onsdagen den 15 oktober<\/em> f\u00f6rlade vi v\u00e5rt m\u00e5nadsm\u00f6te till restaurangen Enkeg\u00e5rden i utkanten av \u00c4ngelholm.<br>I trevlig anda och i det sk\u00e5nska landskapet nj\u00f6t vi av den goda maten och den fina gemenskapen. Tack f\u00f6r en trevlig eftermiddag.<\/strong><\/p>\n\n\n\n<p class=\"has-medium-font-size\"><strong><em>Onsdagen den 22 oktober<\/em> stod p\u00e5 schemat \u201d<em>nya medlemmar<\/em>\u201d. Ett koncept, som vi i tidigare \u00e5r haft i f\u00f6reningen. Vi riktar in oss p\u00e5 just <em>nya medlemmar,<\/em> men \u00e4ven vi veteraner \u00e4r v\u00e4lkomna.<br>I trevlig anda sitter vi alla i en ring, varvid var och en ber\u00e4ttar om sin stroke, hur den uppkommit, den erh\u00e5llna v\u00e5rden, hur \u201djag\u201d arbetar med och upplever den och kontakten med myndigheter m.m.\u00a0<br>Anh\u00f6riga, som ju ocks\u00e5 \u00e4r drabbade, ber\u00e4ttar om sin roll, uppgifter att utf\u00f6ra och hur \u201djag\u201d upplever och arbetar med det m.m.<\/strong><\/p>\n\n\n\n<p class=\"has-medium-font-size\"><strong>Klart och tydligt har framkommit, att v\u00e5rden av oss strokedrabbade skiljer sig mellan olika sjukv\u00e5rdsinr\u00e4ttningar inom s\u00e5v\u00e4l kommunen s\u00e5som i regionen.<br>Som strokedrabbad och anh\u00f6rig \u00e4r det mycket intressant och \u00e4ven l\u00e4rorikt att f\u00e5 veta andra strokedrabbades situation, kontakter med sjukv\u00e5rd och myndigheter (t.ex. f\u00f6r hj\u00e4lpmedel) m.m.<\/strong><\/p>\n\n\n\n<p class=\"has-medium-font-size\"><strong>Vi avslutade v\u00e5r cirkel och f\u00f6rflyttade oss till kaffebordet, d\u00e4r samtalen var m\u00e5nga och st\u00e4mningen h\u00f6g. V\u00e5r ordf\u00f6rande Alf Wallin gav f\u00f6reningsinformation.<\/strong><\/p>\n\n\n\n<p class=\"has-medium-font-size\"><strong>Tack f\u00f6r en intressant och trevlig eftermiddag.<\/strong><\/p>\n","protected":false},"excerpt":{"rendered":"<p>Onsdagen den 15 oktober f\u00f6rlade vi v\u00e5rt m\u00e5nadsm\u00f6te till restaurangen Enkeg\u00e5rden i utkanten av \u00c4ngelholm.I trevlig anda och i det sk\u00e5nska landskapet nj\u00f6t vi av den goda maten och den fina gemenskapen. Tack f\u00f6r en trevlig eftermiddag. Onsdagen den 22 &hellip; <a href=\"https:\/\/www.strokeforeningen-helsingborg.se\/?page_id=8257\">L\u00e4s mer <span class=\"meta-nav\">&rarr;<\/span><\/a><\/p>\n","protected":false},"author":2,"featured_media":0,"parent":7886,"menu_order":0,"comment_status":"closed","ping_status":"closed","template":"","meta":{"spay_email":"","_links_to":"","_links_to_target":""},"jetpack_shortlink":"https:\/\/wp.me\/P3JVlQ-29b","jetpack_sharing_enabled":true,"_links":{"self":[{"href":"https:\/\/www.strokeforeningen-helsingborg.se\/index.php?rest_route=\/wp\/v2\/pages\/8257"}],"collection":[{"href":"https:\/\/www.strokeforeningen-helsingborg.se\/index.php?rest_route=\/wp\/v2\/pages"}],"about":[{"href":"https:\/\/www.strokeforeningen-helsingborg.se\/index.php?rest_route=\/wp\/v2\/types\/page"}],"author":[{"embeddable":true,"href":"https:\/\/www.strokeforeningen-helsingborg.se\/index.php?rest_route=\/wp\/v2\/users\/2"}],"replies":[{"embeddable":true,"href":"https:\/\/www.strokeforeningen-helsingborg.se\/index.php?rest_route=%2Fwp%2Fv2%2Fcomments&post=8257"}],"version-history":[{"count":4,"href":"https:\/\/www.strokeforeningen-helsingborg.se\/index.php?rest_route=\/wp\/v2\/pages\/8257\/revisions"}],"predecessor-version":[{"id":8262,"href":"https:\/\/www.strokeforeningen-helsingborg.se\/index.php?rest_route=\/wp\/v2\/pages\/8257\/revisions\/8262"}],"up":[{"embeddable":true,"href":"https:\/\/www.strokeforeningen-helsingborg.se\/index.php?rest_route=\/wp\/v2\/pages\/7886"}],"wp:attachment":[{"href":"https:\/\/www.strokeforeningen-helsingborg.se\/index.php?rest_route=%2Fwp%2Fv2%2Fmedia&parent=8257"}],"curies":[{"name":"wp","href":"https:\/\/api.w.org\/{rel}","templated":true}]}}