{"id":8220,"date":"2025-10-02T12:05:18","date_gmt":"2025-10-02T12:05:18","guid":{"rendered":"https:\/\/www.strokeforeningen-helsingborg.se\/?page_id=8220"},"modified":"2026-02-04T14:09:36","modified_gmt":"2026-02-04T14:09:36","slug":"septembers-aktiviteter-2025","status":"publish","type":"page","link":"https:\/\/www.strokeforeningen-helsingborg.se\/?page_id=8220","title":{"rendered":"Septembers aktiviteter 2025."},"content":{"rendered":"\n<p class=\"has-medium-font-size\"><strong>H\u00e4r kommer du att f\u00e5 min h\u00e4ndelserapportering i en annan form \u00e4n den, som du \u00e4r van vid. Hela september m\u00e5nad 2025 i samma s\u00e4ck \u2013 en h\u00e4ndelserik och \u201dtight\u201d m\u00e5nad, d\u00e5 vi i Strokef\u00f6reningen \u00d6resund avverkade tv\u00e5 m\u00e5nadsm\u00f6ten, en halvdagsutflykt och tv\u00e5 m\u00e5ltider. Till det kommer Tillg\u00e4nglighetsmarschen i Helsingborg. &nbsp;<\/strong><\/p>\n\n\n\n<p class=\"has-medium-font-size\"><strong>\u00c4ven om vi administrativt sett \u00e4r skilda fr\u00e5n v\u00e5ra medlemmar i Nordvesten\/\u00c4ngelholm, s\u00e5 \u00e4r vi  i \u201dsamma b\u00e5t\u201d och delar gl\u00e4dje i m\u00f6ten, resor, utflykter och m\u00e5ltider.<br>Dock m\u00f6ten i Nordvestens lokal Torgtr\u00e4ffen i \u00c4ngelholm kan du l\u00e4sa om i dess egen kolumn \u201d\u00c4ngelholm\u201d h\u00e4r i hemsidan.<\/strong><\/p>\n\n\n\n<div class=\"wp-block-image\"><figure class=\"aligncenter size-large is-resized\"><a href=\"https:\/\/www.strokeforeningen-helsingborg.se\/wp-content\/uploads\/2025\/10\/skivirtillkaffet.jpg\"><img loading=\"lazy\" src=\"https:\/\/www.strokeforeningen-helsingborg.se\/wp-content\/uploads\/2025\/10\/skivirtillkaffet-776x1024.jpg\" alt=\"\" class=\"wp-image-8224\" width=\"373\" height=\"492\" srcset=\"https:\/\/www.strokeforeningen-helsingborg.se\/wp-content\/uploads\/2025\/10\/skivirtillkaffet-776x1024.jpg 776w, https:\/\/www.strokeforeningen-helsingborg.se\/wp-content\/uploads\/2025\/10\/skivirtillkaffet-227x300.jpg 227w, https:\/\/www.strokeforeningen-helsingborg.se\/wp-content\/uploads\/2025\/10\/skivirtillkaffet-768x1013.jpg 768w, https:\/\/www.strokeforeningen-helsingborg.se\/wp-content\/uploads\/2025\/10\/skivirtillkaffet-1164x1536.jpg 1164w, https:\/\/www.strokeforeningen-helsingborg.se\/wp-content\/uploads\/2025\/10\/skivirtillkaffet-1552x2048.jpg 1552w, https:\/\/www.strokeforeningen-helsingborg.se\/wp-content\/uploads\/2025\/10\/skivirtillkaffet.jpg 1876w\" sizes=\"(max-width: 373px) 100vw, 373px\" \/><\/a><figcaption><strong>Maj p\u00e5 Brorsbacke<\/strong>. <em>Foto DL<\/em><\/figcaption><\/figure><\/div>\n\n\n\n<p class=\"has-medium-font-size\"><strong><em>M\u00e5ndagen den 6 september<\/em> hade v\u00e5r H\u00f6gan\u00e4sgrupp sitt m\u00e5nadsm\u00f6te p\u00e5 Brorsbacke. Tillsammans med Trygghetsboendet slog vi v\u00e5ra kloka huvuden ihop och kn\u00e4ckte musikaliska tanken\u00f6tter i \u201dSkivor till kaffet\u201d. En popul\u00e4r tradition sedan m\u00e5nga \u00e5r tillbaka &#8211; skapad och framf\u00f6rd av Maj. Tack Maj och tack \u00a0Annika f\u00f6r gott fika och att du g\u00f6r det s\u00e5 trevligt f\u00f6r oss.<\/strong><\/p>\n\n\n\n<div class=\"wp-block-image\"><figure class=\"aligncenter size-large is-resized\"><a href=\"https:\/\/www.strokeforeningen-helsingborg.se\/wp-content\/uploads\/2025\/10\/Dymollan-scaled.jpg\"><img loading=\"lazy\" src=\"https:\/\/www.strokeforeningen-helsingborg.se\/wp-content\/uploads\/2025\/10\/Dymollan-1024x768.jpg\" alt=\"\" class=\"wp-image-8226\" width=\"405\" height=\"303\" srcset=\"https:\/\/www.strokeforeningen-helsingborg.se\/wp-content\/uploads\/2025\/10\/Dymollan-1024x768.jpg 1024w, https:\/\/www.strokeforeningen-helsingborg.se\/wp-content\/uploads\/2025\/10\/Dymollan-300x225.jpg 300w, https:\/\/www.strokeforeningen-helsingborg.se\/wp-content\/uploads\/2025\/10\/Dymollan-768x576.jpg 768w, https:\/\/www.strokeforeningen-helsingborg.se\/wp-content\/uploads\/2025\/10\/Dymollan-1536x1152.jpg 1536w, https:\/\/www.strokeforeningen-helsingborg.se\/wp-content\/uploads\/2025\/10\/Dymollan-2048x1536.jpg 2048w\" sizes=\"(max-width: 405px) 100vw, 405px\" \/><\/a><figcaption><strong>V\u00e4lkommen till Dym\u00f6llan. <\/strong><em>Foto DL<\/em><\/figcaption><\/figure><\/div>\n\n\n\n<p class=\"has-medium-font-size\"><strong><em>Tisdagen den 16 september<\/em> tr\u00e4ffades vi i vacker natur vid foten av S\u00f6der\u00e5sen f\u00f6r lunch vid Dym\u00f6llans \u00c5lr\u00f6keri i Klippan. I god st\u00e4mning avnj\u00f6t vi den goda maten. Tack f\u00f6r en trevlig eftermiddag.<\/strong><\/p>\n\n\n\n<p class=\"has-medium-font-size\"><strong><em>Torsdagen den 18 september<\/em> hade vi m\u00e5nadsm\u00f6te p\u00e5 Ringstorp i Helsingborg. Maj hade f\u00e4rdigst\u00e4llt en bildsamling fr\u00e5n v\u00e5r sommarresa 2025 till Dalarna. Fotografier tagna av v\u00e5ra dalaresen\u00e4rer sammansatta i ett vackert och konstn\u00e4rligt bildkollage. Spontana kommentarer och ber\u00e4ttelser &nbsp;kompletterade bilderna.<br>Gott fika till de livliga samtalen runt borden, och v\u00e5r ordf\u00f6rande Alf Wallin gav f\u00f6reningsinformation.<br>Tack f\u00f6r en trevlig och upplevelserik eftermiddag.<\/strong><\/p>\n\n\n\n<p class=\"has-medium-font-size\"><strong><em>L\u00f6rdagen den 20 september<\/em> var den \u00e5rliga Tillg\u00e4nglighetsmarschen, som du kan l\u00e4sa om under rubriken &#8221;aktiviteter som varit 2025 september till december&#8221;.<\/strong><\/p>\n\n\n\n<div class=\"wp-block-image\"><figure class=\"aligncenter size-large is-resized\"><a href=\"https:\/\/www.strokeforeningen-helsingborg.se\/wp-content\/uploads\/2025\/10\/Vallakra-stenkarlsfabrik-scaled.jpg\"><img loading=\"lazy\" src=\"https:\/\/www.strokeforeningen-helsingborg.se\/wp-content\/uploads\/2025\/10\/Vallakra-stenkarlsfabrik-1024x545.jpg\" alt=\"\" class=\"wp-image-8233\" width=\"747\" height=\"398\" srcset=\"https:\/\/www.strokeforeningen-helsingborg.se\/wp-content\/uploads\/2025\/10\/Vallakra-stenkarlsfabrik-1024x545.jpg 1024w, https:\/\/www.strokeforeningen-helsingborg.se\/wp-content\/uploads\/2025\/10\/Vallakra-stenkarlsfabrik-300x160.jpg 300w, https:\/\/www.strokeforeningen-helsingborg.se\/wp-content\/uploads\/2025\/10\/Vallakra-stenkarlsfabrik-768x409.jpg 768w, https:\/\/www.strokeforeningen-helsingborg.se\/wp-content\/uploads\/2025\/10\/Vallakra-stenkarlsfabrik-1536x817.jpg 1536w, https:\/\/www.strokeforeningen-helsingborg.se\/wp-content\/uploads\/2025\/10\/Vallakra-stenkarlsfabrik-2048x1089.jpg 2048w\" sizes=\"(max-width: 747px) 100vw, 747px\" \/><\/a><figcaption><em>Foto. Karin K\u00e4ck<\/em><\/figcaption><\/figure><\/div>\n\n\n\n<p class=\"has-medium-font-size\"><strong><em>Onsdagen den 24 september <\/em>gav vi oss ut p\u00e5 en halvdagsutflykt till Vall\u00e5kra Stenk\u00e4rlsfabrik. Vi samlades p\u00e5 Ringstorp, och i gemensam transport i handikappanpassad buss n\u00e5dde vi v\u00e5rt m\u00e5l. Till en god lunch i fabrikens restaurang fick vi intressant ber\u00e4ttat om f\u00f6retaget samt dess historia. M\u00e4tta och bel\u00e5tna gick vi sedan runt i byggnaden, innan vi begav oss ut p\u00e5 str\u00f6vt\u00e5g i den vackra Vall\u00e5krabygden. Dagen avslutades med h\u00e4rligt fika i samma restaurang. Tack f\u00f6r en trevlig och intressant utflykt.<\/strong><\/p>\n\n\n\n<p class=\"has-medium-font-size\"><strong><em>Fredagen den 26 september<\/em> tr\u00e4ffades vi p\u00e5 Restaurang Tegel i Rydeb\u00e4ck.<\/strong> <strong>Som vanligt serverades det en god lunch i v\u00e5rt trevliga s\u00e4llskap. Tack f\u00f6r en fin eftermiddag.<\/strong><\/p>\n","protected":false},"excerpt":{"rendered":"<p>H\u00e4r kommer du att f\u00e5 min h\u00e4ndelserapportering i en annan form \u00e4n den, som du \u00e4r van vid. Hela september m\u00e5nad 2025 i samma s\u00e4ck \u2013 en h\u00e4ndelserik och \u201dtight\u201d m\u00e5nad, d\u00e5 vi i Strokef\u00f6reningen \u00d6resund avverkade tv\u00e5 m\u00e5nadsm\u00f6ten, en &hellip; <a href=\"https:\/\/www.strokeforeningen-helsingborg.se\/?page_id=8220\">L\u00e4s mer <span class=\"meta-nav\">&rarr;<\/span><\/a><\/p>\n","protected":false},"author":2,"featured_media":0,"parent":8217,"menu_order":0,"comment_status":"closed","ping_status":"closed","template":"","meta":{"spay_email":"","_links_to":"","_links_to_target":""},"jetpack_shortlink":"https:\/\/wp.me\/P3JVlQ-28A","jetpack_sharing_enabled":true,"_links":{"self":[{"href":"https:\/\/www.strokeforeningen-helsingborg.se\/index.php?rest_route=\/wp\/v2\/pages\/8220"}],"collection":[{"href":"https:\/\/www.strokeforeningen-helsingborg.se\/index.php?rest_route=\/wp\/v2\/pages"}],"about":[{"href":"https:\/\/www.strokeforeningen-helsingborg.se\/index.php?rest_route=\/wp\/v2\/types\/page"}],"author":[{"embeddable":true,"href":"https:\/\/www.strokeforeningen-helsingborg.se\/index.php?rest_route=\/wp\/v2\/users\/2"}],"replies":[{"embeddable":true,"href":"https:\/\/www.strokeforeningen-helsingborg.se\/index.php?rest_route=%2Fwp%2Fv2%2Fcomments&post=8220"}],"version-history":[{"count":17,"href":"https:\/\/www.strokeforeningen-helsingborg.se\/index.php?rest_route=\/wp\/v2\/pages\/8220\/revisions"}],"predecessor-version":[{"id":8352,"href":"https:\/\/www.strokeforeningen-helsingborg.se\/index.php?rest_route=\/wp\/v2\/pages\/8220\/revisions\/8352"}],"up":[{"embeddable":true,"href":"https:\/\/www.strokeforeningen-helsingborg.se\/index.php?rest_route=\/wp\/v2\/pages\/8217"}],"wp:attachment":[{"href":"https:\/\/www.strokeforeningen-helsingborg.se\/index.php?rest_route=%2Fwp%2Fv2%2Fmedia&parent=8220"}],"curies":[{"name":"wp","href":"https:\/\/api.w.org\/{rel}","templated":true}]}}

<p class="has-medium-font-size"><strong>Här kommer du att få min händelserapportering i en annan form än den, som du är van vid. Hela september månad 2025 i samma säck – en händelserik och ”tight” månad, då vi i Strokeföreningen Öresund avverkade två månadsmöten, en halvdagsutflykt och två måltider. Till det kommer Tillgänglighetsmarschen i Helsingborg. &nbsp;</strong></p>



<p class="has-medium-font-size"><strong>Även om vi administrativt sett är skilda från våra medlemmar i Nordvesten/Ängelholm, så är vi  i ”samma båt” och delar glädje i möten, resor, utflykter och måltider.<br>Dock möten i Nordvestens lokal Torgträffen i Ängelholm kan du läsa om i dess egen kolumn ”Ängelholm” här i hemsidan.</strong></p>



<div class="wp-block-image"><figure class="aligncenter size-large is-resized"><a href="https://www.strokeforeningen-helsingborg.se/wp-content/uploads/2025/10/skivirtillkaffet.jpg"><img loading="lazy" src="https://www.strokeforeningen-helsingborg.se/wp-content/uploads/2025/10/skivirtillkaffet-776x1024.jpg" alt="" class="wp-image-8224" width="373" height="492" srcset="https://www.strokeforeningen-helsingborg.se/wp-content/uploads/2025/10/skivirtillkaffet-776x1024.jpg 776w, https://www.strokeforeningen-helsingborg.se/wp-content/uploads/2025/10/skivirtillkaffet-227x300.jpg 227w, https://www.strokeforeningen-helsingborg.se/wp-content/uploads/2025/10/skivirtillkaffet-768x1013.jpg 768w, https://www.strokeforeningen-helsingborg.se/wp-content/uploads/2025/10/skivirtillkaffet-1164x1536.jpg 1164w, https://www.strokeforeningen-helsingborg.se/wp-content/uploads/2025/10/skivirtillkaffet-1552x2048.jpg 1552w, https://www.strokeforeningen-helsingborg.se/wp-content/uploads/2025/10/skivirtillkaffet.jpg 1876w" sizes="(max-width: 373px) 100vw, 373px" /></a><figcaption><strong>Maj på Brorsbacke</strong>. <em>Foto DL</em></figcaption></figure></div>



<p class="has-medium-font-size"><strong><em>Måndagen den 6 september</em> hade vår Höganäsgrupp sitt månadsmöte på Brorsbacke. Tillsammans med Trygghetsboendet slog vi våra kloka huvuden ihop och knäckte musikaliska tankenötter i ”Skivor till kaffet”. En populär tradition sedan många år tillbaka &#8211; skapad och framförd av Maj. Tack Maj och tack  Annika för gott fika och att du gör det så trevligt för oss.</strong></p>



<div class="wp-block-image"><figure class="aligncenter size-large is-resized"><a href="https://www.strokeforeningen-helsingborg.se/wp-content/uploads/2025/10/Dymollan-scaled.jpg"><img loading="lazy" src="https://www.strokeforeningen-helsingborg.se/wp-content/uploads/2025/10/Dymollan-1024x768.jpg" alt="" class="wp-image-8226" width="405" height="303" srcset="https://www.strokeforeningen-helsingborg.se/wp-content/uploads/2025/10/Dymollan-1024x768.jpg 1024w, https://www.strokeforeningen-helsingborg.se/wp-content/uploads/2025/10/Dymollan-300x225.jpg 300w, https://www.strokeforeningen-helsingborg.se/wp-content/uploads/2025/10/Dymollan-768x576.jpg 768w, https://www.strokeforeningen-helsingborg.se/wp-content/uploads/2025/10/Dymollan-1536x1152.jpg 1536w, https://www.strokeforeningen-helsingborg.se/wp-content/uploads/2025/10/Dymollan-2048x1536.jpg 2048w" sizes="(max-width: 405px) 100vw, 405px" /></a><figcaption><strong>Välkommen till Dymöllan. </strong><em>Foto DL</em></figcaption></figure></div>



<p class="has-medium-font-size"><strong><em>Tisdagen den 16 september</em> träffades vi i vacker natur vid foten av Söderåsen för lunch vid Dymöllans Ålrökeri i Klippan. I god stämning avnjöt vi den goda maten. Tack för en trevlig eftermiddag.</strong></p>



<p class="has-medium-font-size"><strong><em>Torsdagen den 18 september</em> hade vi månadsmöte på Ringstorp i Helsingborg. Maj hade färdigställt en bildsamling från vår sommarresa 2025 till Dalarna. Fotografier tagna av våra dalaresenärer sammansatta i ett vackert och konstnärligt bildkollage. Spontana kommentarer och berättelser &nbsp;kompletterade bilderna.<br>Gott fika till de livliga samtalen runt borden, och vår ordförande Alf Wallin gav föreningsinformation.<br>Tack för en trevlig och upplevelserik eftermiddag.</strong></p>



<p class="has-medium-font-size"><strong><em>Lördagen den 20 september</em> var den årliga Tillgänglighetsmarschen, som du kan läsa om under rubriken &#8221;aktiviteter som varit 2025 september till december&#8221;.</strong></p>



<div class="wp-block-image"><figure class="aligncenter size-large is-resized"><a href="https://www.strokeforeningen-helsingborg.se/wp-content/uploads/2025/10/Vallakra-stenkarlsfabrik-scaled.jpg"><img loading="lazy" src="https://www.strokeforeningen-helsingborg.se/wp-content/uploads/2025/10/Vallakra-stenkarlsfabrik-1024x545.jpg" alt="" class="wp-image-8233" width="747" height="398" srcset="https://www.strokeforeningen-helsingborg.se/wp-content/uploads/2025/10/Vallakra-stenkarlsfabrik-1024x545.jpg 1024w, https://www.strokeforeningen-helsingborg.se/wp-content/uploads/2025/10/Vallakra-stenkarlsfabrik-300x160.jpg 300w, https://www.strokeforeningen-helsingborg.se/wp-content/uploads/2025/10/Vallakra-stenkarlsfabrik-768x409.jpg 768w, https://www.strokeforeningen-helsingborg.se/wp-content/uploads/2025/10/Vallakra-stenkarlsfabrik-1536x817.jpg 1536w, https://www.strokeforeningen-helsingborg.se/wp-content/uploads/2025/10/Vallakra-stenkarlsfabrik-2048x1089.jpg 2048w" sizes="(max-width: 747px) 100vw, 747px" /></a><figcaption><em>Foto. Karin Käck</em></figcaption></figure></div>



<p class="has-medium-font-size"><strong><em>Onsdagen den 24 september </em>gav vi oss ut på en halvdagsutflykt till Vallåkra Stenkärlsfabrik. Vi samlades på Ringstorp, och i gemensam transport i handikappanpassad buss nådde vi vårt mål. Till en god lunch i fabrikens restaurang fick vi intressant berättat om företaget samt dess historia. Mätta och belåtna gick vi sedan runt i byggnaden, innan vi begav oss ut på strövtåg i den vackra Vallåkrabygden. Dagen avslutades med härligt fika i samma restaurang. Tack för en trevlig och intressant utflykt.</strong></p>



<p class="has-medium-font-size"><strong><em>Fredagen den 26 september</em> träffades vi på Restaurang Tegel i Rydebäck.</strong> <strong>Som vanligt serverades det en god lunch i vårt trevliga sällskap. Tack för en fin eftermiddag.</strong></p>

<p>Här kommer du att få min händelserapportering i en annan form än den, som du är van vid. Hela september månad 2025 i samma säck – en händelserik och ”tight” månad, då vi i Strokeföreningen Öresund avverkade två månadsmöten, en &hellip; <a href="https://www.strokeforeningen-helsingborg.se/?page_id=8220">Läs mer <span class="meta-nav">&rarr;</span></a></p>
