{"id":7925,"date":"2025-02-24T14:23:18","date_gmt":"2025-02-24T14:23:18","guid":{"rendered":"https:\/\/www.strokeforeningen-helsingborg.se\/?page_id=7925"},"modified":"2025-02-24T14:36:14","modified_gmt":"2025-02-24T14:36:14","slug":"medlemstraff-i-februari-helsingborg","status":"publish","type":"page","link":"https:\/\/www.strokeforeningen-helsingborg.se\/?page_id=7925","title":{"rendered":"Medlemstr\u00e4ff i februari Helsingborg."},"content":{"rendered":"\n<div class=\"wp-block-image\"><figure class=\"aligncenter size-large is-resized\"><a href=\"https:\/\/www.strokeforeningen-helsingborg.se\/wp-content\/uploads\/2025\/02\/Evas-duk-med-kakor.jpg\"><img loading=\"lazy\" src=\"https:\/\/www.strokeforeningen-helsingborg.se\/wp-content\/uploads\/2025\/02\/Evas-duk-med-kakor-1024x794.jpg\" alt=\"\" class=\"wp-image-7926\" width=\"515\" height=\"399\" srcset=\"https:\/\/www.strokeforeningen-helsingborg.se\/wp-content\/uploads\/2025\/02\/Evas-duk-med-kakor-1024x794.jpg 1024w, https:\/\/www.strokeforeningen-helsingborg.se\/wp-content\/uploads\/2025\/02\/Evas-duk-med-kakor-300x233.jpg 300w, https:\/\/www.strokeforeningen-helsingborg.se\/wp-content\/uploads\/2025\/02\/Evas-duk-med-kakor-768x596.jpg 768w, https:\/\/www.strokeforeningen-helsingborg.se\/wp-content\/uploads\/2025\/02\/Evas-duk-med-kakor-1536x1191.jpg 1536w, https:\/\/www.strokeforeningen-helsingborg.se\/wp-content\/uploads\/2025\/02\/Evas-duk-med-kakor-2048x1588.jpg 2048w\" sizes=\"(max-width: 515px) 100vw, 515px\" \/><\/a><figcaption><em><strong>Rolf o Eva bidrog med fina hantverk.<\/strong><\/em><\/figcaption><\/figure><\/div>\n\n\n\n<p class=\"has-medium-font-size\"><strong>Torsdagen den 20 februari 2025 hade Strokef\u00f6reningen \u00d6resund m\u00e5nadsm\u00f6te p\u00e5 Ringstorp. Hos v\u00e5ra medlemmar i Nordvesten(\u00c4ngelholm) gjorde v\u00e5rt medlemspar Rolf och Eva senaste november en mycket omtyckt och uppskattad resa in i 1980-talet. Vi \u201d\u00d6resundare\u201d s\u00e5g nu fram emot samma resa p\u00e5 detta v\u00e5rt februarim\u00f6te.<br>Vi \u201dgamlingar\u201d f\u00f6rsattes genast i en eufori av upplevelser fr\u00e5n v\u00e5ra produktiva \u00e5r. P\u00e5 den stora vita duken visades i en bildkavalkad flertalet h\u00e4ndelser fr\u00e5n Helsingborg och \u00f6vriga v\u00e4rlden och till detta njutbar musik fr\u00e5n samma decennium. En \u201dliten\u201d sak men av stor betydelse var de skickligt gjorda v\u00e4xlingarna mellan skeenden, vilket f\u00f6rst\u00e4rkte v\u00e5r fina upplevelse.<br>Flera av v\u00e5ra k\u00e4nda artister h\u00e4r hemma och i v\u00e4rlden framtr\u00e4dde fyrtio \u00e5r yngre med fin s\u00e5ng och musik.<br>Kavalkaden avslutades med ett fint bild-och ljudmaterial om v\u00e5r f\u00f6rre Statsminister Olof Palme &#8211; vid liv &#8211; f\u00f6r att sedan landa i decenniets allvarligaste h\u00e4ndelse \u2013 mordet p\u00e5 Statsminister Olof Palme fredagen den 28 februari 1986 framemot midnatt.<\/strong><\/p>\n\n\n\n<p class=\"has-medium-font-size\"><strong>Rolf var d\u00e5 vaktm\u00e4stare i \u00c4ngelholms Fastighetsf\u00f6rvaltning och hade jourtj\u00e4nst n\u00e4stf\u00f6ljande dag l\u00f6rdag. I detalj ber\u00e4ttar Rolf, hur han p\u00e5 l\u00f6rdagsmorgonen av stadens Stadsfullm\u00e4ktige beordrades att utf\u00f6ra massor av \u00e5tg\u00e4rder p.g.a mordet. Sverige var nu satt i katastrof \u2013och beredskapsl\u00e4ge, d\u00e5 man ju \u00e4nnu inte visste om g\u00e4rningsman\/m\u00e4n eller motiv. Rolf b\u00f6rjade med att ringa in politiker och tj\u00e4nstem\u00e4n. Vi presenterades en diger lista p\u00e5 alla \u00e5tg\u00e4rder som Rolf beordrades att g\u00f6ra. \u201dTusenkonstn\u00e4ren\u201d Rolf fixade allt med skicklighet och list.<br>Illustrerat p\u00e5 vita duken gavs en l\u00e4gesbild lokalt i \u00c4ngelholm och i landet denna l\u00f6rdag och \u00e4ven Palmes begravning med alla prominenta g\u00e4ster<\/strong>.<\/p>\n\n\n\n<div class=\"wp-block-image\"><figure class=\"aligncenter size-large is-resized\"><a href=\"http:\/\/www.strokeforeningen-helsingborg.se\/wp-content\/uploads\/2024\/04\/Rolf-S2.jpg\"><img loading=\"lazy\" src=\"http:\/\/www.strokeforeningen-helsingborg.se\/wp-content\/uploads\/2024\/04\/Rolf-S2.jpg\" alt=\"\" class=\"wp-image-7426\" width=\"205\" height=\"241\" srcset=\"https:\/\/www.strokeforeningen-helsingborg.se\/wp-content\/uploads\/2024\/04\/Rolf-S2.jpg 367w, https:\/\/www.strokeforeningen-helsingborg.se\/wp-content\/uploads\/2024\/04\/Rolf-S2-255x300.jpg 255w\" sizes=\"(max-width: 205px) 100vw, 205px\" \/><\/a><figcaption><strong><em>Rolf S\u00f6rinesson<\/em><\/strong><\/figcaption><\/figure><\/div>\n\n\n\n<p class=\"has-medium-font-size\"><strong>Efter m\u00e5nga f\u00f6rberedelser och stor kunnighet har ni med ett proffsigt framf\u00f6rande f\u00e4ngslat oss med mycket intressanta fakta och fina upplevelser.<br>Tack Rolf och Eva.<\/strong><\/p>\n\n\n\n<p class=\"has-medium-font-size\"><strong>V\u00e5r ordf\u00f6rande Alf Wallin hade f\u00f6reningsinformation.<br>Tack alla f\u00f6r en trevlig eftermiddag!<\/strong><\/p>\n","protected":false},"excerpt":{"rendered":"<p>Torsdagen den 20 februari 2025 hade Strokef\u00f6reningen \u00d6resund m\u00e5nadsm\u00f6te p\u00e5 Ringstorp. Hos v\u00e5ra medlemmar i Nordvesten(\u00c4ngelholm) gjorde v\u00e5rt medlemspar Rolf och Eva senaste november en mycket omtyckt och uppskattad resa in i 1980-talet. Vi \u201d\u00d6resundare\u201d s\u00e5g nu fram emot samma &hellip; <a href=\"https:\/\/www.strokeforeningen-helsingborg.se\/?page_id=7925\">L\u00e4s mer <span class=\"meta-nav\">&rarr;<\/span><\/a><\/p>\n","protected":false},"author":2,"featured_media":0,"parent":7879,"menu_order":0,"comment_status":"closed","ping_status":"closed","template":"","meta":{"spay_email":"","_links_to":"","_links_to_target":""},"jetpack_shortlink":"https:\/\/wp.me\/P3JVlQ-23P","jetpack_sharing_enabled":true,"_links":{"self":[{"href":"https:\/\/www.strokeforeningen-helsingborg.se\/index.php?rest_route=\/wp\/v2\/pages\/7925"}],"collection":[{"href":"https:\/\/www.strokeforeningen-helsingborg.se\/index.php?rest_route=\/wp\/v2\/pages"}],"about":[{"href":"https:\/\/www.strokeforeningen-helsingborg.se\/index.php?rest_route=\/wp\/v2\/types\/page"}],"author":[{"embeddable":true,"href":"https:\/\/www.strokeforeningen-helsingborg.se\/index.php?rest_route=\/wp\/v2\/users\/2"}],"replies":[{"embeddable":true,"href":"https:\/\/www.strokeforeningen-helsingborg.se\/index.php?rest_route=%2Fwp%2Fv2%2Fcomments&post=7925"}],"version-history":[{"count":10,"href":"https:\/\/www.strokeforeningen-helsingborg.se\/index.php?rest_route=\/wp\/v2\/pages\/7925\/revisions"}],"predecessor-version":[{"id":7936,"href":"https:\/\/www.strokeforeningen-helsingborg.se\/index.php?rest_route=\/wp\/v2\/pages\/7925\/revisions\/7936"}],"up":[{"embeddable":true,"href":"https:\/\/www.strokeforeningen-helsingborg.se\/index.php?rest_route=\/wp\/v2\/pages\/7879"}],"wp:attachment":[{"href":"https:\/\/www.strokeforeningen-helsingborg.se\/index.php?rest_route=%2Fwp%2Fv2%2Fmedia&parent=7925"}],"curies":[{"name":"wp","href":"https:\/\/api.w.org\/{rel}","templated":true}]}}