{"id":7876,"date":"2025-01-29T13:27:12","date_gmt":"2025-01-29T13:27:12","guid":{"rendered":"https:\/\/www.strokeforeningen-helsingborg.se\/?page_id=7876"},"modified":"2025-01-29T13:44:40","modified_gmt":"2025-01-29T13:44:40","slug":"biokvall-i-hoganas-januari-2025","status":"publish","type":"page","link":"https:\/\/www.strokeforeningen-helsingborg.se\/?page_id=7876","title":{"rendered":"Biokv\u00e4ll i H\u00f6gan\u00e4s januari 2025"},"content":{"rendered":"\n<div class=\"wp-block-image\"><figure class=\"aligncenter size-large is-resized\"><a href=\"https:\/\/www.strokeforeningen-helsingborg.se\/wp-content\/uploads\/2025\/01\/bIOKVALL-hOGANAS-JANUARI2-scaled.jpg\"><img loading=\"lazy\" src=\"https:\/\/www.strokeforeningen-helsingborg.se\/wp-content\/uploads\/2025\/01\/bIOKVALL-hOGANAS-JANUARI2-1024x580.jpg\" alt=\"\" class=\"wp-image-7877\" width=\"679\" height=\"383\"\/><\/a><figcaption><em>Mixfoto Eva Bj\u00f6rklund och Dan L<\/em>\u00f6wenstein.<\/figcaption><\/figure><\/div>\n\n\n\n<p style=\"font-size:18px\"><strong>Fredagen den 17 januari 2025 inledde vi i Strokef\u00f6reningen \u00d6resund\/Nordvesten f\u00f6renings\u00e5ret med en biokv\u00e4ll i H\u00f6gan\u00e4s. Vi startade med en god m\u00e5ltid i trevlig samvaro p\u00e5 Restaurang Hamnkrogen, som bjuder p\u00e5 en vacker sj\u00f6utsikt. D\u00e4refter f\u00f6rflyttade vi oss den korta str\u00e4ckan till den anrika och mer \u00e4n sekelgamla biografen Saga. I trevlig biomilj\u00f6 s\u00e5g vi den nyutkomna dokument\u00e4rfilmen om Greta Garbo. Vi hade en fin kv\u00e4ll med god mat och en bra och intressant  film. Tack alla f\u00f6r en trevlig kv\u00e4ll.<\/strong><\/p>\n","protected":false},"excerpt":{"rendered":"<p>Fredagen den 17 januari 2025 inledde vi i Strokef\u00f6reningen \u00d6resund\/Nordvesten f\u00f6renings\u00e5ret med en biokv\u00e4ll i H\u00f6gan\u00e4s. Vi startade med en god m\u00e5ltid i trevlig samvaro p\u00e5 Restaurang Hamnkrogen, som bjuder p\u00e5 en vacker sj\u00f6utsikt. D\u00e4refter f\u00f6rflyttade vi oss den korta &hellip; <a href=\"https:\/\/www.strokeforeningen-helsingborg.se\/?page_id=7876\">L\u00e4s mer <span class=\"meta-nav\">&rarr;<\/span><\/a><\/p>\n","protected":false},"author":2,"featured_media":0,"parent":7879,"menu_order":0,"comment_status":"closed","ping_status":"closed","template":"","meta":{"spay_email":"","_links_to":"","_links_to_target":""},"jetpack_shortlink":"https:\/\/wp.me\/P3JVlQ-232","jetpack_sharing_enabled":true,"_links":{"self":[{"href":"https:\/\/www.strokeforeningen-helsingborg.se\/index.php?rest_route=\/wp\/v2\/pages\/7876"}],"collection":[{"href":"https:\/\/www.strokeforeningen-helsingborg.se\/index.php?rest_route=\/wp\/v2\/pages"}],"about":[{"href":"https:\/\/www.strokeforeningen-helsingborg.se\/index.php?rest_route=\/wp\/v2\/types\/page"}],"author":[{"embeddable":true,"href":"https:\/\/www.strokeforeningen-helsingborg.se\/index.php?rest_route=\/wp\/v2\/users\/2"}],"replies":[{"embeddable":true,"href":"https:\/\/www.strokeforeningen-helsingborg.se\/index.php?rest_route=%2Fwp%2Fv2%2Fcomments&post=7876"}],"version-history":[{"count":6,"href":"https:\/\/www.strokeforeningen-helsingborg.se\/index.php?rest_route=\/wp\/v2\/pages\/7876\/revisions"}],"predecessor-version":[{"id":7885,"href":"https:\/\/www.strokeforeningen-helsingborg.se\/index.php?rest_route=\/wp\/v2\/pages\/7876\/revisions\/7885"}],"up":[{"embeddable":true,"href":"https:\/\/www.strokeforeningen-helsingborg.se\/index.php?rest_route=\/wp\/v2\/pages\/7879"}],"wp:attachment":[{"href":"https:\/\/www.strokeforeningen-helsingborg.se\/index.php?rest_route=%2Fwp%2Fv2%2Fmedia&parent=7876"}],"curies":[{"name":"wp","href":"https:\/\/api.w.org\/{rel}","templated":true}]}}