{"id":7516,"date":"2024-06-14T13:50:31","date_gmt":"2024-06-14T13:50:31","guid":{"rendered":"https:\/\/www.strokeforeningen-helsingborg.se\/?page_id=7516"},"modified":"2024-06-14T13:57:45","modified_gmt":"2024-06-14T13:57:45","slug":"sommaravslutningar-2024","status":"publish","type":"page","link":"https:\/\/www.strokeforeningen-helsingborg.se\/?page_id=7516","title":{"rendered":"Sommaravslutningar 2024."},"content":{"rendered":"\n<div class=\"wp-block-image\"><figure class=\"aligncenter size-full is-resized\"><a href=\"https:\/\/www.strokeforeningen-helsingborg.se\/wp-content\/uploads\/2024\/06\/aurora.jpg\"><img loading=\"lazy\" src=\"https:\/\/www.strokeforeningen-helsingborg.se\/wp-content\/uploads\/2024\/06\/aurora.jpg\" alt=\"\" class=\"wp-image-7517\" width=\"474\" height=\"286\" srcset=\"https:\/\/www.strokeforeningen-helsingborg.se\/wp-content\/uploads\/2024\/06\/aurora.jpg 904w, https:\/\/www.strokeforeningen-helsingborg.se\/wp-content\/uploads\/2024\/06\/aurora-300x181.jpg 300w, https:\/\/www.strokeforeningen-helsingborg.se\/wp-content\/uploads\/2024\/06\/aurora-768x463.jpg 768w\" sizes=\"(max-width: 474px) 100vw, 474px\" \/><\/a><figcaption><strong>F\u00e4rjan Aurora i Helsingborgs hamn.<\/strong><\/figcaption><\/figure><\/div>\n\n\n\n<p class=\"has-medium-font-size\"><strong>Tisdagen den 4 juni 2024 hade Strokef\u00f6reningen \u00d6resund sin v\u00e5ravslutning, vilken vi f\u00f6rlade till sj\u00f6ss. Som helsingborgare &#8211; med omnejd &#8211; f\u00f6ljde vi den gamla traditionen att \u201dtura\u201d, allts\u00e5 att \u00e5ka f\u00e4rjan till Helsing\u00f6r i Danmark fram och tillbaka &#8211; i v\u00e5rt fall tv\u00e5 g\u00e5nger. Bil -och passagerarf\u00e4rjan Aurora, som du ser p\u00e5 bilden, lockade oss till sin restaurant, d\u00e4r vi i god st\u00e4mning \u00a0\u00a0till havs avnj\u00f6t en fin och god buff\u00e9. <br>\u00d6resunds H\u00f6gan\u00e4sgrupp hade sin v\u00e5ravslutning m\u00e5ndagen den 10 juni hemma hos v\u00e5rt ordf\u00f6rande par Alf &#8211; och Annemarie Wallin. Sommarbricka med flertalet l\u00e4ckerheter, kaffe och kaka lockade v\u00e5r aptit i den trivsamma atmosf\u00e4ren.<br>Tack alla f\u00f6r en trevlig och givande v\u00e5rs\u00e4song.<\/strong><\/p>\n","protected":false},"excerpt":{"rendered":"<p>Tisdagen den 4 juni 2024 hade Strokef\u00f6reningen \u00d6resund sin v\u00e5ravslutning, vilken vi f\u00f6rlade till sj\u00f6ss. Som helsingborgare &#8211; med omnejd &#8211; f\u00f6ljde vi den gamla traditionen att \u201dtura\u201d, allts\u00e5 att \u00e5ka f\u00e4rjan till Helsing\u00f6r i Danmark fram och tillbaka &#8211; &hellip; <a href=\"https:\/\/www.strokeforeningen-helsingborg.se\/?page_id=7516\">L\u00e4s mer <span class=\"meta-nav\">&rarr;<\/span><\/a><\/p>\n","protected":false},"author":2,"featured_media":0,"parent":7279,"menu_order":0,"comment_status":"closed","ping_status":"closed","template":"","meta":{"spay_email":"","_links_to":"","_links_to_target":""},"jetpack_shortlink":"https:\/\/wp.me\/P3JVlQ-1Xe","jetpack_sharing_enabled":true,"_links":{"self":[{"href":"https:\/\/www.strokeforeningen-helsingborg.se\/index.php?rest_route=\/wp\/v2\/pages\/7516"}],"collection":[{"href":"https:\/\/www.strokeforeningen-helsingborg.se\/index.php?rest_route=\/wp\/v2\/pages"}],"about":[{"href":"https:\/\/www.strokeforeningen-helsingborg.se\/index.php?rest_route=\/wp\/v2\/types\/page"}],"author":[{"embeddable":true,"href":"https:\/\/www.strokeforeningen-helsingborg.se\/index.php?rest_route=\/wp\/v2\/users\/2"}],"replies":[{"embeddable":true,"href":"https:\/\/www.strokeforeningen-helsingborg.se\/index.php?rest_route=%2Fwp%2Fv2%2Fcomments&post=7516"}],"version-history":[{"count":3,"href":"https:\/\/www.strokeforeningen-helsingborg.se\/index.php?rest_route=\/wp\/v2\/pages\/7516\/revisions"}],"predecessor-version":[{"id":7520,"href":"https:\/\/www.strokeforeningen-helsingborg.se\/index.php?rest_route=\/wp\/v2\/pages\/7516\/revisions\/7520"}],"up":[{"embeddable":true,"href":"https:\/\/www.strokeforeningen-helsingborg.se\/index.php?rest_route=\/wp\/v2\/pages\/7279"}],"wp:attachment":[{"href":"https:\/\/www.strokeforeningen-helsingborg.se\/index.php?rest_route=%2Fwp%2Fv2%2Fmedia&parent=7516"}],"curies":[{"name":"wp","href":"https:\/\/api.w.org\/{rel}","templated":true}]}}