{"id":7136,"date":"2023-10-19T09:13:01","date_gmt":"2023-10-19T09:13:01","guid":{"rendered":"https:\/\/www.strokeforeningen-helsingborg.se\/?page_id=7136"},"modified":"2023-10-19T09:16:20","modified_gmt":"2023-10-19T09:16:20","slug":"medlemstraff-i-hoganas-oktober-2023","status":"publish","type":"page","link":"https:\/\/www.strokeforeningen-helsingborg.se\/?page_id=7136","title":{"rendered":"Medlemstr\u00e4ff i H\u00f6gan\u00e4s oktober 2023."},"content":{"rendered":"\n<div class=\"wp-block-image\"><figure class=\"aligncenter size-large is-resized\"><a href=\"http:\/\/www.strokeforeningen-helsingborg.se\/wp-content\/uploads\/2023\/10\/Skivor-till-kaffet-host-2023.jpg\"><img loading=\"lazy\" src=\"http:\/\/www.strokeforeningen-helsingborg.se\/wp-content\/uploads\/2023\/10\/Skivor-till-kaffet-host-2023-703x1024.jpg\" alt=\"\" class=\"wp-image-7138\" width=\"383\" height=\"558\" srcset=\"https:\/\/www.strokeforeningen-helsingborg.se\/wp-content\/uploads\/2023\/10\/Skivor-till-kaffet-host-2023-703x1024.jpg 703w, https:\/\/www.strokeforeningen-helsingborg.se\/wp-content\/uploads\/2023\/10\/Skivor-till-kaffet-host-2023-206x300.jpg 206w, https:\/\/www.strokeforeningen-helsingborg.se\/wp-content\/uploads\/2023\/10\/Skivor-till-kaffet-host-2023-768x1119.jpg 768w, https:\/\/www.strokeforeningen-helsingborg.se\/wp-content\/uploads\/2023\/10\/Skivor-till-kaffet-host-2023-1054x1536.jpg 1054w, https:\/\/www.strokeforeningen-helsingborg.se\/wp-content\/uploads\/2023\/10\/Skivor-till-kaffet-host-2023.jpg 1250w\" sizes=\"(max-width: 383px) 100vw, 383px\" \/><\/a><\/figure><\/div>\n\n\n\n<p class=\"has-medium-font-size\"><strong>M\u00e5ndagen den 9 oktober 2023 hade Strokef\u00f6reningens H\u00f6gan\u00e4sgrupp m\u00e5nadsm\u00f6te p\u00e5 Trygghetsboendet Brorsbacke. Till m\u00f6tet bj\u00f6d vi in Trygghetsboendet och runt omkring boende att med oss kn\u00e4cka musikaliska n\u00f6tter i \u201dskivor till kaffet\u201d, en tradition sedan m\u00e5nga \u00e5r tillbaka. Musikquizen leddes som vanligt av Maj, och vi nj\u00f6t av fin s\u00e5ng och musik.<br>Gott fika f\u00f6rgyllde evenemanget.<br>Tack Annika och hennes personal f\u00f6r Er assistans och gott fika.<br>Tack f\u00f6r en njutbar eftermiddag.<\/strong><\/p>\n","protected":false},"excerpt":{"rendered":"<p>M\u00e5ndagen den 9 oktober 2023 hade Strokef\u00f6reningens H\u00f6gan\u00e4sgrupp m\u00e5nadsm\u00f6te p\u00e5 Trygghetsboendet Brorsbacke. Till m\u00f6tet bj\u00f6d vi in Trygghetsboendet och runt omkring boende att med oss kn\u00e4cka musikaliska n\u00f6tter i \u201dskivor till kaffet\u201d, en tradition sedan m\u00e5nga \u00e5r tillbaka. Musikquizen leddes &hellip; <a href=\"https:\/\/www.strokeforeningen-helsingborg.se\/?page_id=7136\">L\u00e4s mer <span class=\"meta-nav\">&rarr;<\/span><\/a><\/p>\n","protected":false},"author":2,"featured_media":0,"parent":7051,"menu_order":0,"comment_status":"closed","ping_status":"closed","template":"","meta":{"spay_email":"","_links_to":"","_links_to_target":""},"jetpack_shortlink":"https:\/\/wp.me\/P3JVlQ-1R6","jetpack_sharing_enabled":true,"_links":{"self":[{"href":"https:\/\/www.strokeforeningen-helsingborg.se\/index.php?rest_route=\/wp\/v2\/pages\/7136"}],"collection":[{"href":"https:\/\/www.strokeforeningen-helsingborg.se\/index.php?rest_route=\/wp\/v2\/pages"}],"about":[{"href":"https:\/\/www.strokeforeningen-helsingborg.se\/index.php?rest_route=\/wp\/v2\/types\/page"}],"author":[{"embeddable":true,"href":"https:\/\/www.strokeforeningen-helsingborg.se\/index.php?rest_route=\/wp\/v2\/users\/2"}],"replies":[{"embeddable":true,"href":"https:\/\/www.strokeforeningen-helsingborg.se\/index.php?rest_route=%2Fwp%2Fv2%2Fcomments&post=7136"}],"version-history":[{"count":4,"href":"https:\/\/www.strokeforeningen-helsingborg.se\/index.php?rest_route=\/wp\/v2\/pages\/7136\/revisions"}],"predecessor-version":[{"id":7141,"href":"https:\/\/www.strokeforeningen-helsingborg.se\/index.php?rest_route=\/wp\/v2\/pages\/7136\/revisions\/7141"}],"up":[{"embeddable":true,"href":"https:\/\/www.strokeforeningen-helsingborg.se\/index.php?rest_route=\/wp\/v2\/pages\/7051"}],"wp:attachment":[{"href":"https:\/\/www.strokeforeningen-helsingborg.se\/index.php?rest_route=%2Fwp%2Fv2%2Fmedia&parent=7136"}],"curies":[{"name":"wp","href":"https:\/\/api.w.org\/{rel}","templated":true}]}}