{"id":6790,"date":"2023-04-09T13:53:51","date_gmt":"2023-04-09T13:53:51","guid":{"rendered":"https:\/\/www.strokeforeningen-helsingborg.se\/?page_id=6790"},"modified":"2023-04-09T14:01:51","modified_gmt":"2023-04-09T14:01:51","slug":"medlemstraff-i-april-2023","status":"publish","type":"page","link":"https:\/\/www.strokeforeningen-helsingborg.se\/?page_id=6790","title":{"rendered":"Medlemstr\u00e4ff i april 2023"},"content":{"rendered":"\n<div class=\"wp-block-image\"><figure class=\"aligncenter size-medium\"><a href=\"https:\/\/www.strokeforeningen-helsingborg.se\/wp-content\/uploads\/2023\/04\/Skivor-angelholm.jpg\"><img loading=\"lazy\" width=\"300\" height=\"175\" src=\"https:\/\/www.strokeforeningen-helsingborg.se\/wp-content\/uploads\/2023\/04\/Skivor-angelholm-300x175.jpg\" alt=\"\" class=\"wp-image-6791\" srcset=\"https:\/\/www.strokeforeningen-helsingborg.se\/wp-content\/uploads\/2023\/04\/Skivor-angelholm-300x175.jpg 300w, https:\/\/www.strokeforeningen-helsingborg.se\/wp-content\/uploads\/2023\/04\/Skivor-angelholm-1024x596.jpg 1024w, https:\/\/www.strokeforeningen-helsingborg.se\/wp-content\/uploads\/2023\/04\/Skivor-angelholm-768x447.jpg 768w, https:\/\/www.strokeforeningen-helsingborg.se\/wp-content\/uploads\/2023\/04\/Skivor-angelholm-1536x894.jpg 1536w, https:\/\/www.strokeforeningen-helsingborg.se\/wp-content\/uploads\/2023\/04\/Skivor-angelholm.jpg 1627w\" sizes=\"(max-width: 300px) 100vw, 300px\" \/><\/a><figcaption><strong><em>Gott fikabr\u00f6d.<\/em><\/strong><\/figcaption><\/figure><\/div>\n\n\n\n<p class=\"has-normal-font-size\"><strong>Tisdagen den 4 april 2023 hade Strokef\u00f6reningen Nordvesten m\u00e5nadsm\u00f6te p\u00e5 Torgtr\u00e4ffen i \u00c4ngelholm. Det bullades upp gott fikabr\u00f6d till de tanken\u00f6tter, som skulle kn\u00e4ckas i &#8221;skivor till kaffet&#8221;. P\u00e5 sitt underh\u00e5llande s\u00e4tt fick Maj med sig publiken med &#8221;gamla goa l\u00e5tar&#8221;. V\u00e5r ordf\u00f6rande Alf Wallin fixade gott fika med h\u00e4rligt tilltugg. <br>Han gav ocks\u00e5 f\u00f6reningsinformation. Tack f\u00f6r en trevlig eftermiddag!<\/strong><\/p>\n","protected":false},"excerpt":{"rendered":"<p>Tisdagen den 4 april 2023 hade Strokef\u00f6reningen Nordvesten m\u00e5nadsm\u00f6te p\u00e5 Torgtr\u00e4ffen i \u00c4ngelholm. Det bullades upp gott fikabr\u00f6d till de tanken\u00f6tter, som skulle kn\u00e4ckas i &#8221;skivor till kaffet&#8221;. P\u00e5 sitt underh\u00e5llande s\u00e4tt fick Maj med sig publiken med &#8221;gamla goa &hellip; <a href=\"https:\/\/www.strokeforeningen-helsingborg.se\/?page_id=6790\">L\u00e4s mer <span class=\"meta-nav\">&rarr;<\/span><\/a><\/p>\n","protected":false},"author":2,"featured_media":0,"parent":6750,"menu_order":0,"comment_status":"closed","ping_status":"closed","template":"","meta":{"spay_email":"","_links_to":"","_links_to_target":""},"jetpack_shortlink":"https:\/\/wp.me\/P3JVlQ-1Lw","jetpack_sharing_enabled":true,"_links":{"self":[{"href":"https:\/\/www.strokeforeningen-helsingborg.se\/index.php?rest_route=\/wp\/v2\/pages\/6790"}],"collection":[{"href":"https:\/\/www.strokeforeningen-helsingborg.se\/index.php?rest_route=\/wp\/v2\/pages"}],"about":[{"href":"https:\/\/www.strokeforeningen-helsingborg.se\/index.php?rest_route=\/wp\/v2\/types\/page"}],"author":[{"embeddable":true,"href":"https:\/\/www.strokeforeningen-helsingborg.se\/index.php?rest_route=\/wp\/v2\/users\/2"}],"replies":[{"embeddable":true,"href":"https:\/\/www.strokeforeningen-helsingborg.se\/index.php?rest_route=%2Fwp%2Fv2%2Fcomments&post=6790"}],"version-history":[{"count":5,"href":"https:\/\/www.strokeforeningen-helsingborg.se\/index.php?rest_route=\/wp\/v2\/pages\/6790\/revisions"}],"predecessor-version":[{"id":6796,"href":"https:\/\/www.strokeforeningen-helsingborg.se\/index.php?rest_route=\/wp\/v2\/pages\/6790\/revisions\/6796"}],"up":[{"embeddable":true,"href":"https:\/\/www.strokeforeningen-helsingborg.se\/index.php?rest_route=\/wp\/v2\/pages\/6750"}],"wp:attachment":[{"href":"https:\/\/www.strokeforeningen-helsingborg.se\/index.php?rest_route=%2Fwp%2Fv2%2Fmedia&parent=6790"}],"curies":[{"name":"wp","href":"https:\/\/api.w.org\/{rel}","templated":true}]}}