{"id":6743,"date":"2023-02-11T15:25:23","date_gmt":"2023-02-11T15:25:23","guid":{"rendered":"https:\/\/www.strokeforeningen-helsingborg.se\/?page_id=6743"},"modified":"2023-02-11T16:04:02","modified_gmt":"2023-02-11T16:04:02","slug":"skivor-till-kaffet-i-hoganas-den-6-februari-2023","status":"publish","type":"page","link":"https:\/\/www.strokeforeningen-helsingborg.se\/?page_id=6743","title":{"rendered":"Skivor till kaffet i H\u00f6gan\u00e4s den 6 februari 2023"},"content":{"rendered":"\n<div class=\"wp-block-image\"><figure class=\"aligncenter size-medium\"><a href=\"http:\/\/www.strokeforeningen-helsingborg.se\/wp-content\/uploads\/2023\/02\/kaffebildenH.jpg\"><img loading=\"lazy\" width=\"300\" height=\"261\" src=\"https:\/\/www.strokeforeningen-helsingborg.se\/wp-content\/uploads\/2023\/02\/kaffebildenH-300x261.jpg\" alt=\"\" class=\"wp-image-6744\" srcset=\"https:\/\/www.strokeforeningen-helsingborg.se\/wp-content\/uploads\/2023\/02\/kaffebildenH-300x261.jpg 300w, https:\/\/www.strokeforeningen-helsingborg.se\/wp-content\/uploads\/2023\/02\/kaffebildenH-1024x890.jpg 1024w, https:\/\/www.strokeforeningen-helsingborg.se\/wp-content\/uploads\/2023\/02\/kaffebildenH-768x668.jpg 768w, https:\/\/www.strokeforeningen-helsingborg.se\/wp-content\/uploads\/2023\/02\/kaffebildenH-1536x1336.jpg 1536w, https:\/\/www.strokeforeningen-helsingborg.se\/wp-content\/uploads\/2023\/02\/kaffebildenH-2048x1781.jpg 2048w\" sizes=\"(max-width: 300px) 100vw, 300px\" \/><\/a><\/figure><\/div>\n\n\n\n<p class=\"has-medium-font-size\"><strong>M\u00e5ndagen den 6 februari 2023 samlades vi i Strokef\u00f6reningens H\u00f6gan\u00e4sgrupp \u00e5ter p\u00e5 Trygghetsboendet Brorsbacke tillsammans med de boende och entusiaster &#8221;utifr\u00e5n&#8221;. I den fullsatta salen var det dags f\u00f6r &#8221;skivor till kaffet&#8221;, d\u00e4r vi  kn\u00e4ckte tanken\u00f6tter till fin och h\u00e4rlig s\u00e5ng-och musik. P\u00e5 bilden h\u00e4r ovan \u00e4r Maj, som sin vana trogen ledde den popul\u00e4ra musikquizen. I den trevliga st\u00e4mningen serverade Annika gott fika.<br>Tack Annika, det \u00e4r alltid lika trevligt att vara hos Er.<\/strong><\/p>\n","protected":false},"excerpt":{"rendered":"<p>M\u00e5ndagen den 6 februari 2023 samlades vi i Strokef\u00f6reningens H\u00f6gan\u00e4sgrupp \u00e5ter p\u00e5 Trygghetsboendet Brorsbacke tillsammans med de boende och entusiaster &#8221;utifr\u00e5n&#8221;. I den fullsatta salen var det dags f\u00f6r &#8221;skivor till kaffet&#8221;, d\u00e4r vi kn\u00e4ckte tanken\u00f6tter till fin och h\u00e4rlig &hellip; <a href=\"https:\/\/www.strokeforeningen-helsingborg.se\/?page_id=6743\">L\u00e4s mer <span class=\"meta-nav\">&rarr;<\/span><\/a><\/p>\n","protected":false},"author":2,"featured_media":0,"parent":6733,"menu_order":0,"comment_status":"closed","ping_status":"closed","template":"","meta":{"spay_email":"","_links_to":"","_links_to_target":""},"jetpack_shortlink":"https:\/\/wp.me\/P3JVlQ-1KL","jetpack_sharing_enabled":true,"_links":{"self":[{"href":"https:\/\/www.strokeforeningen-helsingborg.se\/index.php?rest_route=\/wp\/v2\/pages\/6743"}],"collection":[{"href":"https:\/\/www.strokeforeningen-helsingborg.se\/index.php?rest_route=\/wp\/v2\/pages"}],"about":[{"href":"https:\/\/www.strokeforeningen-helsingborg.se\/index.php?rest_route=\/wp\/v2\/types\/page"}],"author":[{"embeddable":true,"href":"https:\/\/www.strokeforeningen-helsingborg.se\/index.php?rest_route=\/wp\/v2\/users\/2"}],"replies":[{"embeddable":true,"href":"https:\/\/www.strokeforeningen-helsingborg.se\/index.php?rest_route=%2Fwp%2Fv2%2Fcomments&post=6743"}],"version-history":[{"count":5,"href":"https:\/\/www.strokeforeningen-helsingborg.se\/index.php?rest_route=\/wp\/v2\/pages\/6743\/revisions"}],"predecessor-version":[{"id":6758,"href":"https:\/\/www.strokeforeningen-helsingborg.se\/index.php?rest_route=\/wp\/v2\/pages\/6743\/revisions\/6758"}],"up":[{"embeddable":true,"href":"https:\/\/www.strokeforeningen-helsingborg.se\/index.php?rest_route=\/wp\/v2\/pages\/6733"}],"wp:attachment":[{"href":"https:\/\/www.strokeforeningen-helsingborg.se\/index.php?rest_route=%2Fwp%2Fv2%2Fmedia&parent=6743"}],"curies":[{"name":"wp","href":"https:\/\/api.w.org\/{rel}","templated":true}]}}