{"id":6735,"date":"2023-01-31T09:56:06","date_gmt":"2023-01-31T09:56:06","guid":{"rendered":"https:\/\/www.strokeforeningen-helsingborg.se\/?page_id=6735"},"modified":"2023-01-31T10:05:29","modified_gmt":"2023-01-31T10:05:29","slug":"ma-bra-dagar-i-valjeviken-januari-2023","status":"publish","type":"page","link":"https:\/\/www.strokeforeningen-helsingborg.se\/?page_id=6735","title":{"rendered":"M\u00e5 Bra-dagar i Valjeviken januari 2023"},"content":{"rendered":"\n<div class=\"wp-block-image\"><figure class=\"aligncenter size-large\"><a href=\"https:\/\/www.strokeforeningen-helsingborg.se\/wp-content\/uploads\/2023\/01\/valjeviken.jpg\"><img loading=\"lazy\" decoding=\"async\" width=\"722\" height=\"542\" src=\"https:\/\/www.strokeforeningen-helsingborg.se\/wp-content\/uploads\/2023\/01\/valjeviken.jpg\" alt=\"\" class=\"wp-image-6737\" srcset=\"https:\/\/www.strokeforeningen-helsingborg.se\/wp-content\/uploads\/2023\/01\/valjeviken.jpg 722w, https:\/\/www.strokeforeningen-helsingborg.se\/wp-content\/uploads\/2023\/01\/valjeviken-300x225.jpg 300w\" sizes=\"auto, (max-width: 722px) 100vw, 722px\" \/><\/a><figcaption><strong><em>Natursk\u00f6na Valjevikens huvudbyggnad.<\/em><\/strong><\/figcaption><\/figure><\/div>\n\n\n\n<p class=\"has-medium-font-size wp-block-paragraph\"><strong>S\u00e4g \u201dValjeviken\u201d! &#8211; och medlemmarna i v\u00e5r Strokef\u00f6rening \u00d6resund\/Nordvesten t\u00e4nker trevliga minnen. Under \u00e5rens lopp har vi flertalet g\u00e5nger bes\u00f6kt \u201dValjeviken\u201d med goda resultat f\u00f6r h\u00e4lsa och v\u00e4lm\u00e5ende.<br>\u201dValjeviken\u201d &#8211; d.v.s megaanl\u00e4ggingen Valjeviken vid S\u00f6lvesborg &#8211; \u00e4r Neurof\u00f6rbundets stora anl\u00e4ggning f\u00f6r sjukv\u00e5rdsrelaterade studier, rehabilitering och sport-och friskv\u00e5rd. En h\u00f6gborg f\u00f6r funktionshindrade att f\u00e5 god livskvalitet. D\u00e4r finns stor idrottshall, stor badanl\u00e4ggning anpassad f\u00f6r olika vattenaktiviteter, lektionsalar och \u201drunt knuten\u201d i det strandn\u00e4ra l\u00e4get vacker natur. Sk\u00f6n natts\u00f6mn i fin hotellanl\u00e4ggning och goda allm\u00e4nutrymmen. Den fina och goda maten lagas och serveras i vacker milj\u00f6 och av kunnig och trevlig personal.<br>M\u00e5ndagen den 16 januari 2023 var vi en grupp medlemmar fr\u00e5n Strokef\u00f6rening \u00d6resund\/Nordvesten, som p\u00e5b\u00f6rjade resa i handikappanpassad buss till folkh\u00f6gskolan Valjeviken f\u00f6r n\u00e5gra dagars vistelse d\u00e4r &#8211; \u201dM\u00e5 bra dagar\u201d.<br>H\u00e4r skulle exerceras hj\u00e4rna, hj\u00e4rta och det goda hum\u00f6ret.<br>Nyttig och intressant fakta serverades oss i f\u00f6rel\u00e4sning om kost och h\u00e4lsa, och bl.a. vad vi funktionshindrade d\u00e5 b\u00f6r t\u00e4nka p\u00e5.<\/strong><\/p>\n\n\n\n<p class=\"has-medium-font-size wp-block-paragraph\"><strong>Idrottshallen kallade till sittgympa och andra nyttiga r\u00f6relser.<\/strong> <strong>Badanl\u00e4ggningen lockade till vattengymnastik och andra vattenaktiviteter f\u00f6r den som \u00f6nskade.<br>Skogsbad, promenader och v\u00e4lbefinnande manade oss ut i den vackra naturen.<br>Tid fanns f\u00f6r egna aktiviteter eller \u201dbara vara\u201d.<\/strong><br><br><strong>P\u00e5 kv\u00e4llarna hade vi samkv\u00e4m med sm\u00f6rg\u00e5s och kaffe.<br>En av kv\u00e4llarna blev det fin ostbricka.<\/strong><\/p>\n\n\n\n<p class=\"has-medium-font-size wp-block-paragraph\"><strong>Torsdagen den 19 januari antog vi f\u00e4rden hem\u00e5t till v\u00e5r Sk\u00e5ne\u00e4nda.<br>F\u00f6r dessa underbara och avkopplande dagar tackar vi v\u00e5r ordf\u00f6rande Alf Wallin f\u00f6r den fina planeringen och utf\u00f6rande.<br>Tack alla deltagare f\u00f6r v\u00e4nskap och god st\u00e4mning!<\/strong><\/p>\n","protected":false},"excerpt":{"rendered":"<p>S\u00e4g \u201dValjeviken\u201d! &#8211; och medlemmarna i v\u00e5r Strokef\u00f6rening \u00d6resund\/Nordvesten t\u00e4nker trevliga minnen. Under \u00e5rens lopp har vi flertalet g\u00e5nger bes\u00f6kt \u201dValjeviken\u201d med goda resultat f\u00f6r h\u00e4lsa och v\u00e4lm\u00e5ende.\u201dValjeviken\u201d &#8211; d.v.s megaanl\u00e4ggingen Valjeviken vid S\u00f6lvesborg &#8211; \u00e4r Neurof\u00f6rbundets stora anl\u00e4ggning f\u00f6r &hellip; <a href=\"https:\/\/www.strokeforeningen-helsingborg.se\/?page_id=6735\">L\u00e4s mer <span class=\"meta-nav\">&rarr;<\/span><\/a><\/p>\n","protected":false},"author":2,"featured_media":0,"parent":6733,"menu_order":0,"comment_status":"closed","ping_status":"closed","template":"","meta":{"footnotes":"","_links_to":"","_links_to_target":""},"class_list":["post-6735","page","type-page","status-publish","hentry"],"jetpack_shortlink":"https:\/\/wp.me\/P3JVlQ-1KD","jetpack_sharing_enabled":true,"_links":{"self":[{"href":"https:\/\/www.strokeforeningen-helsingborg.se\/index.php?rest_route=\/wp\/v2\/pages\/6735","targetHints":{"allow":["GET"]}}],"collection":[{"href":"https:\/\/www.strokeforeningen-helsingborg.se\/index.php?rest_route=\/wp\/v2\/pages"}],"about":[{"href":"https:\/\/www.strokeforeningen-helsingborg.se\/index.php?rest_route=\/wp\/v2\/types\/page"}],"author":[{"embeddable":true,"href":"https:\/\/www.strokeforeningen-helsingborg.se\/index.php?rest_route=\/wp\/v2\/users\/2"}],"replies":[{"embeddable":true,"href":"https:\/\/www.strokeforeningen-helsingborg.se\/index.php?rest_route=%2Fwp%2Fv2%2Fcomments&post=6735"}],"version-history":[{"count":4,"href":"https:\/\/www.strokeforeningen-helsingborg.se\/index.php?rest_route=\/wp\/v2\/pages\/6735\/revisions"}],"predecessor-version":[{"id":6740,"href":"https:\/\/www.strokeforeningen-helsingborg.se\/index.php?rest_route=\/wp\/v2\/pages\/6735\/revisions\/6740"}],"up":[{"embeddable":true,"href":"https:\/\/www.strokeforeningen-helsingborg.se\/index.php?rest_route=\/wp\/v2\/pages\/6733"}],"wp:attachment":[{"href":"https:\/\/www.strokeforeningen-helsingborg.se\/index.php?rest_route=%2Fwp%2Fv2%2Fmedia&parent=6735"}],"curies":[{"name":"wp","href":"https:\/\/api.w.org\/{rel}","templated":true}]}}

Må Bra-dagar i Valjeviken januari 2023

<div class="wp-block-image"><figure class="aligncenter size-large"><a href="https://www.strokeforeningen-helsingborg.se/wp-content/uploads/2023/01/valjeviken.jpg"><img loading="lazy" decoding="async" width="722" height="542" src="https://www.strokeforeningen-helsingborg.se/wp-content/uploads/2023/01/valjeviken.jpg" alt="" class="wp-image-6737" srcset="https://www.strokeforeningen-helsingborg.se/wp-content/uploads/2023/01/valjeviken.jpg 722w, https://www.strokeforeningen-helsingborg.se/wp-content/uploads/2023/01/valjeviken-300x225.jpg 300w" sizes="auto, (max-width: 722px) 100vw, 722px" /></a><figcaption><strong><em>Natursköna Valjevikens huvudbyggnad.</em></strong></figcaption></figure></div>



<p class="has-medium-font-size wp-block-paragraph"><strong>Säg ”Valjeviken”! &#8211; och medlemmarna i vår Strokeförening Öresund/Nordvesten tänker trevliga minnen. Under årens lopp har vi flertalet gånger besökt ”Valjeviken” med goda resultat för hälsa och välmående.<br>”Valjeviken” &#8211; d.v.s megaanläggingen Valjeviken vid Sölvesborg &#8211; är Neuroförbundets stora anläggning för sjukvårdsrelaterade studier, rehabilitering och sport-och friskvård. En högborg för funktionshindrade att få god livskvalitet. Där finns stor idrottshall, stor badanläggning anpassad för olika vattenaktiviteter, lektionsalar och ”runt knuten” i det strandnära läget vacker natur. Skön nattsömn i fin hotellanläggning och goda allmänutrymmen. Den fina och goda maten lagas och serveras i vacker miljö och av kunnig och trevlig personal.<br>Måndagen den 16 januari 2023 var vi en grupp medlemmar från Strokeförening Öresund/Nordvesten, som påbörjade resa i handikappanpassad buss till folkhögskolan Valjeviken för några dagars vistelse där &#8211; ”Må bra dagar”.<br>Här skulle exerceras hjärna, hjärta och det goda humöret.<br>Nyttig och intressant fakta serverades oss i föreläsning om kost och hälsa, och bl.a. vad vi funktionshindrade då bör tänka på.</strong></p>



<p class="has-medium-font-size wp-block-paragraph"><strong>Idrottshallen kallade till sittgympa och andra nyttiga rörelser.</strong> <strong>Badanläggningen lockade till vattengymnastik och andra vattenaktiviteter för den som önskade.<br>Skogsbad, promenader och välbefinnande manade oss ut i den vackra naturen.<br>Tid fanns för egna aktiviteter eller ”bara vara”.</strong><br><br><strong>På kvällarna hade vi samkväm med smörgås och kaffe.<br>En av kvällarna blev det fin ostbricka.</strong></p>



<p class="has-medium-font-size wp-block-paragraph"><strong>Torsdagen den 19 januari antog vi färden hemåt till vår Skåneända.<br>För dessa underbara och avkopplande dagar tackar vi vår ordförande Alf Wallin för den fina planeringen och utförande.<br>Tack alla deltagare för vänskap och god stämning!</strong></p>

<p>Säg ”Valjeviken”! &#8211; och medlemmarna i vår Strokeförening Öresund/Nordvesten tänker trevliga minnen. Under årens lopp har vi flertalet gånger besökt ”Valjeviken” med goda resultat för hälsa och välmående.”Valjeviken” &#8211; d.v.s megaanläggingen Valjeviken vid Sölvesborg &#8211; är Neuroförbundets stora anläggning för &hellip; <a href="https://www.strokeforeningen-helsingborg.se/?page_id=6735">Läs mer <span class="meta-nav">&rarr;</span></a></p>
