{"id":6614,"date":"2022-10-31T14:53:19","date_gmt":"2022-10-31T14:53:19","guid":{"rendered":"https:\/\/www.strokeforeningen-helsingborg.se\/?page_id=6614"},"modified":"2022-10-31T15:07:40","modified_gmt":"2022-10-31T15:07:40","slug":"medlemstraff-den-10-oktober-i-hoganas","status":"publish","type":"page","link":"https:\/\/www.strokeforeningen-helsingborg.se\/?page_id=6614","title":{"rendered":"Medlemstr\u00e4ff den 10 oktober i H\u00f6gan\u00e4s 2022."},"content":{"rendered":"\n<div class=\"wp-block-image\"><figure class=\"aligncenter size-medium\"><a href=\"https:\/\/www.strokeforeningen-helsingborg.se\/wp-content\/uploads\/2022\/10\/arnbergskorsettfabrik.jpg\"><img loading=\"lazy\" width=\"141\" height=\"300\" src=\"https:\/\/www.strokeforeningen-helsingborg.se\/wp-content\/uploads\/2022\/10\/arnbergskorsettfabrik-141x300.jpg\" alt=\"\" class=\"wp-image-6617\" srcset=\"https:\/\/www.strokeforeningen-helsingborg.se\/wp-content\/uploads\/2022\/10\/arnbergskorsettfabrik-141x300.jpg 141w, https:\/\/www.strokeforeningen-helsingborg.se\/wp-content\/uploads\/2022\/10\/arnbergskorsettfabrik-481x1024.jpg 481w, https:\/\/www.strokeforeningen-helsingborg.se\/wp-content\/uploads\/2022\/10\/arnbergskorsettfabrik-768x1635.jpg 768w, https:\/\/www.strokeforeningen-helsingborg.se\/wp-content\/uploads\/2022\/10\/arnbergskorsettfabrik-722x1536.jpg 722w, https:\/\/www.strokeforeningen-helsingborg.se\/wp-content\/uploads\/2022\/10\/arnbergskorsettfabrik.jpg 823w\" sizes=\"(max-width: 141px) 100vw, 141px\" \/><\/a><figcaption><strong><em>Modern korsett.<\/em><\/strong><\/figcaption><\/figure><\/div>\n\n\n\n<p class=\"has-medium-font-size\"><strong>M\u00e5ndagen den 10 oktober 2022 hade Strokef\u00f6reningen \u00d6resunds H\u00f6gan\u00e4sgrupp sitt m\u00e5nadsm\u00f6te p\u00e5 Trygghetsboendet Brorsbacke i H\u00f6gan\u00e4s. Inbjuden att ber\u00e4tta var Kullahistorikern Torbj\u00f6rn Gerward. Hans gedigna och intressanta kunskaper om Kullabygden f\u00f6rr och nu har redan tidigare f\u00e4ngslat oss. Den h\u00e4r g\u00e5ngen skulle det handla om den anrika Arnbergs Korsettfabrik, som under 1900-talet har sysselsatt och ber\u00f6rt en stor del av befolkningen i H\u00f6gan\u00e4s. Sj\u00e4lvklart bj\u00f6d vi d\u00e5 in de boende p\u00e5 Trygghetsboendet &#8211; \u201dgamla H\u00f6gan\u00e4sare\u201d-, som levt med fabriken p\u00e5 orten.<br>Inf\u00f6r en bred och intresserad publik ber\u00e4ttade Gerward om fabriken och fakta runt omkring denna. F\u00f6r m\u00e5nga \u00e5terupplivades gamla minnen. Som vanligt serverade Annika gott fika.<\/strong><br><strong>Tack f\u00f6r en mycket intressant och trevlig eftermiddag.<br><\/strong><\/p>\n","protected":false},"excerpt":{"rendered":"<p>M\u00e5ndagen den 10 oktober 2022 hade Strokef\u00f6reningen \u00d6resunds H\u00f6gan\u00e4sgrupp sitt m\u00e5nadsm\u00f6te p\u00e5 Trygghetsboendet Brorsbacke i H\u00f6gan\u00e4s. Inbjuden att ber\u00e4tta var Kullahistorikern Torbj\u00f6rn Gerward. Hans gedigna och intressanta kunskaper om Kullabygden f\u00f6rr och nu har redan tidigare f\u00e4ngslat oss. Den h\u00e4r &hellip; <a href=\"https:\/\/www.strokeforeningen-helsingborg.se\/?page_id=6614\">L\u00e4s mer <span class=\"meta-nav\">&rarr;<\/span><\/a><\/p>\n","protected":false},"author":2,"featured_media":0,"parent":6539,"menu_order":0,"comment_status":"closed","ping_status":"closed","template":"","meta":{"spay_email":"","_links_to":"","_links_to_target":""},"jetpack_shortlink":"https:\/\/wp.me\/P3JVlQ-1IG","jetpack_sharing_enabled":true,"_links":{"self":[{"href":"https:\/\/www.strokeforeningen-helsingborg.se\/index.php?rest_route=\/wp\/v2\/pages\/6614"}],"collection":[{"href":"https:\/\/www.strokeforeningen-helsingborg.se\/index.php?rest_route=\/wp\/v2\/pages"}],"about":[{"href":"https:\/\/www.strokeforeningen-helsingborg.se\/index.php?rest_route=\/wp\/v2\/types\/page"}],"author":[{"embeddable":true,"href":"https:\/\/www.strokeforeningen-helsingborg.se\/index.php?rest_route=\/wp\/v2\/users\/2"}],"replies":[{"embeddable":true,"href":"https:\/\/www.strokeforeningen-helsingborg.se\/index.php?rest_route=%2Fwp%2Fv2%2Fcomments&post=6614"}],"version-history":[{"count":12,"href":"https:\/\/www.strokeforeningen-helsingborg.se\/index.php?rest_route=\/wp\/v2\/pages\/6614\/revisions"}],"predecessor-version":[{"id":6628,"href":"https:\/\/www.strokeforeningen-helsingborg.se\/index.php?rest_route=\/wp\/v2\/pages\/6614\/revisions\/6628"}],"up":[{"embeddable":true,"href":"https:\/\/www.strokeforeningen-helsingborg.se\/index.php?rest_route=\/wp\/v2\/pages\/6539"}],"wp:attachment":[{"href":"https:\/\/www.strokeforeningen-helsingborg.se\/index.php?rest_route=%2Fwp%2Fv2%2Fmedia&parent=6614"}],"curies":[{"name":"wp","href":"https:\/\/api.w.org\/{rel}","templated":true}]}}