{"id":6041,"date":"2021-11-11T15:17:32","date_gmt":"2021-11-11T15:17:32","guid":{"rendered":"https:\/\/www.strokeforeningen-helsingborg.se\/?page_id=6041"},"modified":"2021-11-11T15:30:45","modified_gmt":"2021-11-11T15:30:45","slug":"skivor-till-kaffet-november-2021-torgtraffen","status":"publish","type":"page","link":"https:\/\/www.strokeforeningen-helsingborg.se\/?page_id=6041","title":{"rendered":"Skivor till kaffet november 2021 Torgtr\u00e4ffen"},"content":{"rendered":"\n<figure class=\"wp-block-image size-medium is-style-default\"><a href=\"https:\/\/www.strokeforeningen-helsingborg.se\/wp-content\/uploads\/2021\/11\/angelholmsfikanov5.jpg\"><img loading=\"lazy\" width=\"300\" height=\"173\" src=\"https:\/\/www.strokeforeningen-helsingborg.se\/wp-content\/uploads\/2021\/11\/angelholmsfikanov5-300x173.jpg\" alt=\"\" class=\"wp-image-6042\" srcset=\"https:\/\/www.strokeforeningen-helsingborg.se\/wp-content\/uploads\/2021\/11\/angelholmsfikanov5-300x173.jpg 300w, https:\/\/www.strokeforeningen-helsingborg.se\/wp-content\/uploads\/2021\/11\/angelholmsfikanov5-1024x592.jpg 1024w, https:\/\/www.strokeforeningen-helsingborg.se\/wp-content\/uploads\/2021\/11\/angelholmsfikanov5-768x444.jpg 768w, https:\/\/www.strokeforeningen-helsingborg.se\/wp-content\/uploads\/2021\/11\/angelholmsfikanov5-1536x888.jpg 1536w, https:\/\/www.strokeforeningen-helsingborg.se\/wp-content\/uploads\/2021\/11\/angelholmsfikanov5.jpg 1874w\" sizes=\"(max-width: 300px) 100vw, 300px\" \/><\/a><\/figure>\n\n\n\n<p class=\"has-medium-font-size\"><strong>Tisdagen den 2 november 2021 <\/strong><br><strong>hade Strokef\u00f6reningen Nordvesten m\u00e5nadsm\u00f6te p\u00e5 Torgtr\u00e4ffen i \u00c4ngelholm. Maj i v\u00e5r f\u00f6reningen hade d\u00e5 &#8221;skivor till kaffet&#8221;, och till de musikaliska tanken\u00f6tterna hade vi h\u00e4rligt mysfika. Tack f\u00f6r en trevlig eftermiddag.<\/strong><\/p>\n\n\n\n<p class=\"has-medium-font-size\"><\/p>\n","protected":false},"excerpt":{"rendered":"<p>Tisdagen den 2 november 2021 hade Strokef\u00f6reningen Nordvesten m\u00e5nadsm\u00f6te p\u00e5 Torgtr\u00e4ffen i \u00c4ngelholm. Maj i v\u00e5r f\u00f6reningen hade d\u00e5 &#8221;skivor till kaffet&#8221;, och till de musikaliska tanken\u00f6tterna hade vi h\u00e4rligt mysfika. Tack f\u00f6r en trevlig eftermiddag.<\/p>\n","protected":false},"author":2,"featured_media":0,"parent":5707,"menu_order":0,"comment_status":"closed","ping_status":"closed","template":"","meta":{"spay_email":"","_links_to":"","_links_to_target":""},"jetpack_shortlink":"https:\/\/wp.me\/P3JVlQ-1zr","jetpack_sharing_enabled":true,"_links":{"self":[{"href":"https:\/\/www.strokeforeningen-helsingborg.se\/index.php?rest_route=\/wp\/v2\/pages\/6041"}],"collection":[{"href":"https:\/\/www.strokeforeningen-helsingborg.se\/index.php?rest_route=\/wp\/v2\/pages"}],"about":[{"href":"https:\/\/www.strokeforeningen-helsingborg.se\/index.php?rest_route=\/wp\/v2\/types\/page"}],"author":[{"embeddable":true,"href":"https:\/\/www.strokeforeningen-helsingborg.se\/index.php?rest_route=\/wp\/v2\/users\/2"}],"replies":[{"embeddable":true,"href":"https:\/\/www.strokeforeningen-helsingborg.se\/index.php?rest_route=%2Fwp%2Fv2%2Fcomments&post=6041"}],"version-history":[{"count":9,"href":"https:\/\/www.strokeforeningen-helsingborg.se\/index.php?rest_route=\/wp\/v2\/pages\/6041\/revisions"}],"predecessor-version":[{"id":6051,"href":"https:\/\/www.strokeforeningen-helsingborg.se\/index.php?rest_route=\/wp\/v2\/pages\/6041\/revisions\/6051"}],"up":[{"embeddable":true,"href":"https:\/\/www.strokeforeningen-helsingborg.se\/index.php?rest_route=\/wp\/v2\/pages\/5707"}],"wp:attachment":[{"href":"https:\/\/www.strokeforeningen-helsingborg.se\/index.php?rest_route=%2Fwp%2Fv2%2Fmedia&parent=6041"}],"curies":[{"name":"wp","href":"https:\/\/api.w.org\/{rel}","templated":true}]}}