{"id":7835,"date":"2024-11-24T13:26:51","date_gmt":"2024-11-24T13:26:51","guid":{"rendered":"https:\/\/www.strokeforeningen-helsingborg.se\/?page_id=7835"},"modified":"2024-11-24T13:37:07","modified_gmt":"2024-11-24T13:37:07","slug":"medlemstraff-november-2024-hoganas","status":"publish","type":"page","link":"http:\/\/www.strokeforeningen-helsingborg.se\/?page_id=7835","title":{"rendered":"Medlemstr\u00e4ff november 2024 H\u00f6gan\u00e4s."},"content":{"rendered":"\n<p><\/p>\n\n\n\n<div class=\"wp-block-image\"><figure class=\"aligncenter size-large is-resized\"><a href=\"http:\/\/www.strokeforeningen-helsingborg.se\/wp-content\/uploads\/2024\/10\/Kaffefika-2024-oktober.jpg\"><img loading=\"lazy\" src=\"http:\/\/www.strokeforeningen-helsingborg.se\/wp-content\/uploads\/2024\/10\/Kaffefika-2024-oktober-740x1024.jpg\" alt=\"\" class=\"wp-image-7756\" width=\"198\" height=\"274\" srcset=\"http:\/\/www.strokeforeningen-helsingborg.se\/wp-content\/uploads\/2024\/10\/Kaffefika-2024-oktober-740x1024.jpg 740w, http:\/\/www.strokeforeningen-helsingborg.se\/wp-content\/uploads\/2024\/10\/Kaffefika-2024-oktober-217x300.jpg 217w, http:\/\/www.strokeforeningen-helsingborg.se\/wp-content\/uploads\/2024\/10\/Kaffefika-2024-oktober-768x1063.jpg 768w, http:\/\/www.strokeforeningen-helsingborg.se\/wp-content\/uploads\/2024\/10\/Kaffefika-2024-oktober-1110x1536.jpg 1110w, http:\/\/www.strokeforeningen-helsingborg.se\/wp-content\/uploads\/2024\/10\/Kaffefika-2024-oktober-1480x2048.jpg 1480w, http:\/\/www.strokeforeningen-helsingborg.se\/wp-content\/uploads\/2024\/10\/Kaffefika-2024-oktober.jpg 1788w\" sizes=\"(max-width: 198px) 100vw, 198px\" \/><\/a><\/figure><\/div>\n\n\n\n<p class=\"has-medium-font-size\"><strong>M\u00e5ndagen den 11 november 2024 hade Strokef\u00f6reningen \u00d6resunds H\u00f6gan\u00e4sgrupp m\u00e5nadsm\u00f6te p\u00e5 Brorsbacke.  Maj hade l\u00e4ttsam underh\u00e5llning med musik och kluringar. Vi hade h\u00f6g st\u00e4mning till det roliga bildspelet med en del gamla minnen fr\u00e5n f\u00f6reningen. <br>Gott fika och v\u00e5r ordf\u00f6rande Alf Wallin informerade om kommande aktiviteter.<br>Tack f\u00f6r en trevlig eftermiddag.<\/strong><\/p>\n","protected":false},"excerpt":{"rendered":"<p>M\u00e5ndagen den 11 november 2024 hade Strokef\u00f6reningen \u00d6resunds H\u00f6gan\u00e4sgrupp m\u00e5nadsm\u00f6te p\u00e5 Brorsbacke. Maj hade l\u00e4ttsam underh\u00e5llning med musik och kluringar. Vi hade h\u00f6g st\u00e4mning till det roliga bildspelet med en del gamla minnen fr\u00e5n f\u00f6reningen. Gott fika och v\u00e5r ordf\u00f6rande &hellip; <a href=\"http:\/\/www.strokeforeningen-helsingborg.se\/?page_id=7835\">L\u00e4s mer <span class=\"meta-nav\">&rarr;<\/span><\/a><\/p>\n","protected":false},"author":2,"featured_media":0,"parent":7677,"menu_order":0,"comment_status":"closed","ping_status":"closed","template":"","meta":{"spay_email":"","_links_to":"","_links_to_target":""},"jetpack_shortlink":"https:\/\/wp.me\/P3JVlQ-22n","jetpack_sharing_enabled":true,"_links":{"self":[{"href":"http:\/\/www.strokeforeningen-helsingborg.se\/index.php?rest_route=\/wp\/v2\/pages\/7835"}],"collection":[{"href":"http:\/\/www.strokeforeningen-helsingborg.se\/index.php?rest_route=\/wp\/v2\/pages"}],"about":[{"href":"http:\/\/www.strokeforeningen-helsingborg.se\/index.php?rest_route=\/wp\/v2\/types\/page"}],"author":[{"embeddable":true,"href":"http:\/\/www.strokeforeningen-helsingborg.se\/index.php?rest_route=\/wp\/v2\/users\/2"}],"replies":[{"embeddable":true,"href":"http:\/\/www.strokeforeningen-helsingborg.se\/index.php?rest_route=%2Fwp%2Fv2%2Fcomments&post=7835"}],"version-history":[{"count":4,"href":"http:\/\/www.strokeforeningen-helsingborg.se\/index.php?rest_route=\/wp\/v2\/pages\/7835\/revisions"}],"predecessor-version":[{"id":7839,"href":"http:\/\/www.strokeforeningen-helsingborg.se\/index.php?rest_route=\/wp\/v2\/pages\/7835\/revisions\/7839"}],"up":[{"embeddable":true,"href":"http:\/\/www.strokeforeningen-helsingborg.se\/index.php?rest_route=\/wp\/v2\/pages\/7677"}],"wp:attachment":[{"href":"http:\/\/www.strokeforeningen-helsingborg.se\/index.php?rest_route=%2Fwp%2Fv2%2Fmedia&parent=7835"}],"curies":[{"name":"wp","href":"https:\/\/api.w.org\/{rel}","templated":true}]}}