{"id":7824,"date":"2024-11-23T13:38:51","date_gmt":"2024-11-23T13:38:51","guid":{"rendered":"https:\/\/www.strokeforeningen-helsingborg.se\/?page_id=7824"},"modified":"2024-11-23T14:08:17","modified_gmt":"2024-11-23T14:08:17","slug":"medlemstraff-november-2024-helsingborg","status":"publish","type":"page","link":"http:\/\/www.strokeforeningen-helsingborg.se\/?page_id=7824","title":{"rendered":"Medlemstr\u00e4ff november 2024 Helsingborg."},"content":{"rendered":"\n<div class=\"wp-block-image\"><figure class=\"aligncenter size-full is-resized\"><a href=\"https:\/\/www.strokeforeningen-helsingborg.se\/wp-content\/uploads\/2024\/11\/esd-teamet-Helsingborg2.jpg\"><img loading=\"lazy\" src=\"https:\/\/www.strokeforeningen-helsingborg.se\/wp-content\/uploads\/2024\/11\/esd-teamet-Helsingborg2.jpg\" alt=\"\" class=\"wp-image-7826\" width=\"386\" height=\"464\" srcset=\"http:\/\/www.strokeforeningen-helsingborg.se\/wp-content\/uploads\/2024\/11\/esd-teamet-Helsingborg2.jpg 606w, http:\/\/www.strokeforeningen-helsingborg.se\/wp-content\/uploads\/2024\/11\/esd-teamet-Helsingborg2-249x300.jpg 249w\" sizes=\"(max-width: 386px) 100vw, 386px\" \/><\/a><figcaption><strong>ESD-teamet i Helsingborg.<\/strong><\/figcaption><\/figure><\/div>\n\n\n\n<p class=\"has-medium-font-size\"><strong>Varje \u00e5r drabbas i Sverige cirka tjugofem tusen personer av en stroke, n\u00e5got som vi i Strokef\u00f6reningen \u00d6resund erfarit s\u00e5som drabbade, anh\u00f6riga eller \u00f6vrig medlem. Fr\u00e5n inledande sjukv\u00e5rdssatsinsats till helt \u00e5terst\u00e4lld kan det ta veckor upp till flera \u00e5r beroende p\u00e5, hur en stroke har skadat hj\u00e4rnan.<br>De inledande och akuta \u00e5tg\u00e4rderna b\u00f6rjar i regel p\u00e5 ett sjukhus &#8211; h\u00e4r i v\u00e5r region Helsingborgs\/\u00c4ngelholms lasarett och ofta efter en ambulanstransport \u00a0med p\u00e5f\u00f6ljande inl\u00e4ggning, som p\u00e5g\u00e5r s\u00e5 l\u00e4nge, som \u00e5tg\u00e4rder kr\u00e4vs p\u00e5 sjukhuset.<br>Vid utskrivning b\u00f6rjar den i m\u00e5nga fall fler\u00e5riga \u00e5terg\u00e5ngen till ett normalt liv. Det kr\u00e4ver regelbundna bes\u00f6k p\u00e5 sjuk &#8211; och v\u00e5rdinr\u00e4ttning, ofta med arbetsamma resor till och fr\u00e5n. H\u00e4r kommer mobila v\u00e5rdteam in &#8211; sjukhusens \u201df\u00f6rl\u00e4ngda arm\u201d.<\/strong><\/p>\n\n\n\n<p class=\"has-medium-font-size\"><strong>Tisdagen den 19 november 2024 hade vi i Strokef\u00f6reningen \u00d6resund m\u00e5nadsm\u00f6te p\u00e5 Ringstorp, varvid det Mobila ESD Stroke V\u00e5rdteamet var inbjudet att ber\u00e4tta om sin verksamhet h\u00e4r i v\u00e5r region.<\/strong><br><em>Officiell presentation:<br>Sjukhusansluten neurologisk hemrehabilitering.<br>Early supported discharge (ESD).<\/em><br><br><strong>I stort kan s\u00e4gas, att m\u00e5nga av de rehabiliterings\u00e5tg\u00e4rder som f\u00f6rut \u00e4gde rum p\u00e5 sjukv\u00e5rdsinr\u00e4ttningar nu kan utf\u00f6ras av ett s\u00e5dant h\u00e4r team i v\u00e5rdtagarens hem. Det \u00e4r bekv\u00e4mt, sparar krafter och arbetsamma uppbrott och resor till och fr\u00e5n ett sjukhus eller v\u00e5rdcentral.<\/strong><\/p>\n\n\n\n<p class=\"has-medium-font-size\"><strong>V\u00e5r inbjudna trio best\u00e5r av en sjuksk\u00f6terska, en arbetsterapeut samt en sjukgymnast &#8211; akt\u00f6rer p\u00e5 tre viktiga omr\u00e5den i en strokedrabbads rehabilitering. De utg\u00e5r fr\u00e5n och lyder under Helsingborgs lasarett\/Neuro-Strokeavdelningen och verkar hos boende i H\u00f6gan\u00e4s\/Bjuv kommuner och Helsingborg stad. Av epitetet \u201dmobila\u201d framg\u00e5r allts\u00e5, att de g\u00f6r bes\u00f6k ute i hem, d\u00e4r deras \u00e5tg\u00e4rder \u00e4r motiverade.<br>Ej att f\u00f6rgl\u00f6mma den sociala biten och anh\u00f6rig, som ju faktiskt ocks\u00e5 \u00e4r drabbad.\u00a0<\/strong><\/p>\n\n\n\n<p class=\"has-medium-font-size\"><strong>Vi fick en mycket bred och intressant information om teamet och dess verksamhet. Vi tillh\u00f6rde ju deras m\u00e5lgrupp, och vi hade givande samtal med v\u00e5ra f\u00f6redragsh\u00e5llare, och fr\u00e5getecken r\u00e4tades ut.<\/strong><\/p>\n\n\n\n<p class=\"has-medium-font-size\"><strong>Tack ESD-teamet f\u00f6r en mycket intressant och givande presentation och att l\u00e4ra k\u00e4nna er.<br>Gott fika hade vi som vanligt.<br>Tack alla f\u00f6r en trevlig eftermiddag.<\/strong><\/p>\n","protected":false},"excerpt":{"rendered":"<p>Varje \u00e5r drabbas i Sverige cirka tjugofem tusen personer av en stroke, n\u00e5got som vi i Strokef\u00f6reningen \u00d6resund erfarit s\u00e5som drabbade, anh\u00f6riga eller \u00f6vrig medlem. Fr\u00e5n inledande sjukv\u00e5rdssatsinsats till helt \u00e5terst\u00e4lld kan det ta veckor upp till flera \u00e5r beroende &hellip; <a href=\"http:\/\/www.strokeforeningen-helsingborg.se\/?page_id=7824\">L\u00e4s mer <span class=\"meta-nav\">&rarr;<\/span><\/a><\/p>\n","protected":false},"author":2,"featured_media":0,"parent":7677,"menu_order":0,"comment_status":"closed","ping_status":"closed","template":"","meta":{"spay_email":"","_links_to":"","_links_to_target":""},"jetpack_shortlink":"https:\/\/wp.me\/P3JVlQ-22c","jetpack_sharing_enabled":true,"_links":{"self":[{"href":"http:\/\/www.strokeforeningen-helsingborg.se\/index.php?rest_route=\/wp\/v2\/pages\/7824"}],"collection":[{"href":"http:\/\/www.strokeforeningen-helsingborg.se\/index.php?rest_route=\/wp\/v2\/pages"}],"about":[{"href":"http:\/\/www.strokeforeningen-helsingborg.se\/index.php?rest_route=\/wp\/v2\/types\/page"}],"author":[{"embeddable":true,"href":"http:\/\/www.strokeforeningen-helsingborg.se\/index.php?rest_route=\/wp\/v2\/users\/2"}],"replies":[{"embeddable":true,"href":"http:\/\/www.strokeforeningen-helsingborg.se\/index.php?rest_route=%2Fwp%2Fv2%2Fcomments&post=7824"}],"version-history":[{"count":8,"href":"http:\/\/www.strokeforeningen-helsingborg.se\/index.php?rest_route=\/wp\/v2\/pages\/7824\/revisions"}],"predecessor-version":[{"id":7833,"href":"http:\/\/www.strokeforeningen-helsingborg.se\/index.php?rest_route=\/wp\/v2\/pages\/7824\/revisions\/7833"}],"up":[{"embeddable":true,"href":"http:\/\/www.strokeforeningen-helsingborg.se\/index.php?rest_route=\/wp\/v2\/pages\/7677"}],"wp:attachment":[{"href":"http:\/\/www.strokeforeningen-helsingborg.se\/index.php?rest_route=%2Fwp%2Fv2%2Fmedia&parent=7824"}],"curies":[{"name":"wp","href":"https:\/\/api.w.org\/{rel}","templated":true}]}}