{"id":7147,"date":"2023-11-18T09:27:57","date_gmt":"2023-11-18T09:27:57","guid":{"rendered":"https:\/\/www.strokeforeningen-helsingborg.se\/?page_id=7147"},"modified":"2023-11-18T16:58:14","modified_gmt":"2023-11-18T16:58:14","slug":"halvdagstur-i-nordvastra-skane-i-oktober-2023","status":"publish","type":"page","link":"http:\/\/www.strokeforeningen-helsingborg.se\/?page_id=7147","title":{"rendered":"Halvdagstur i Nordv\u00e4stra Sk\u00e5ne i oktober 2023."},"content":{"rendered":"\n<p class=\"has-medium-font-size\"><strong>Tisdagen den 24 oktober 2023 hade Strokef\u00f6reningarna \u00d6resund\/Nordvesten en bussutflykt i v\u00e5rt Nordv\u00e4stsk\u00e5nska n\u00e4romr\u00e5de i handikappanpassad buss.<br>Vi inledde med ett bes\u00f6k i gruvorten Nyv\u00e5ng i \u00c5storp Kommun &#8211; centralt bel\u00e4gen i Nordv\u00e4stra Sk\u00e5nes utstr\u00e4ckta kolbrytningsomr\u00e5de under 1900-talet. D\u00e4r bes\u00f6kte vi Gruvmus\u00e9et och fick en mycket intressant guidad visning. V\u00e5r guide ber\u00e4ttade, att d\u00e4r var ner till etthundra meter djupa gruvschakt och femtiosju mil gruvg\u00e5ngar. Enbart i Nyv\u00e5ng arbetade femhundra m\u00e4n under jordytan och tre hundra ovan jord. Kolgruveutstr\u00e4ckningen i Nordv\u00e4stra Sk\u00e5ne gjorde den till Sveriges st\u00f6rsta kolgruva. Andra till namnet mer k\u00e4nda gruvorter i gruvsystemet \u00e4r H\u00f6gan\u00e4s och Bjuv. \u00a0<br>Vi l\u00e4rde oss mycket om livet i d\u00e5varande samh\u00e4llet Nyv\u00e5ng, vilket ju kretsade kring gruvan.<br>\u00c5r 1903 skedde provborrning, och genom investeringar av bankiren Carl Cervin inleddes kolbrytningen 1910. \u00c5r 1966 b\u00f6rjade oljan tr\u00e4nga ut kolet som energik\u00e4lla, och kolbrytningen upph\u00f6rde.<\/strong><\/p>\n\n\n\n<div class=\"wp-block-image\"><figure class=\"aligncenter size-large is-resized\"><a href=\"https:\/\/www.strokeforeningen-helsingborg.se\/wp-content\/uploads\/2023\/11\/Nyvang-gruvan.jpg\"><img loading=\"lazy\" src=\"https:\/\/www.strokeforeningen-helsingborg.se\/wp-content\/uploads\/2023\/11\/Nyvang-gruvan-768x1024.jpg\" alt=\"\" class=\"wp-image-7150\" width=\"372\" height=\"495\" srcset=\"http:\/\/www.strokeforeningen-helsingborg.se\/wp-content\/uploads\/2023\/11\/Nyvang-gruvan-768x1024.jpg 768w, http:\/\/www.strokeforeningen-helsingborg.se\/wp-content\/uploads\/2023\/11\/Nyvang-gruvan-225x300.jpg 225w, http:\/\/www.strokeforeningen-helsingborg.se\/wp-content\/uploads\/2023\/11\/Nyvang-gruvan-1152x1536.jpg 1152w, http:\/\/www.strokeforeningen-helsingborg.se\/wp-content\/uploads\/2023\/11\/Nyvang-gruvan-1536x2048.jpg 1536w, http:\/\/www.strokeforeningen-helsingborg.se\/wp-content\/uploads\/2023\/11\/Nyvang-gruvan.jpg 1856w\" sizes=\"(max-width: 372px) 100vw, 372px\" \/><\/a><figcaption><strong><em>Gruvan i Nyv\u00e5ng.<\/em><\/strong> <em>Foto Dan L\u00f6wenstein<\/em>. Klicka f\u00f6r st\u00f6rre bild.<\/figcaption><\/figure><\/div>\n\n\n\n<p class=\"has-medium-font-size\"><strong>En biprodukt och avfall fr\u00e5n kolbrytningen var slagg. Slaggh\u00f6gen i Nyv\u00e5ng h\u00e4r ovan reser sig st\u00e5tligt inf\u00f6r bilisterna p\u00e5 intilliggande E4 och p\u00e5minner om d\u00e5tidens kolbrytning.<\/strong><\/p>\n\n\n\n<div class=\"wp-block-image\"><figure class=\"aligncenter size-large is-resized\"><a href=\"https:\/\/www.strokeforeningen-helsingborg.se\/wp-content\/uploads\/2023\/11\/Nyvangmuseetgruvan-scaled.jpg\"><img loading=\"lazy\" src=\"https:\/\/www.strokeforeningen-helsingborg.se\/wp-content\/uploads\/2023\/11\/Nyvangmuseetgruvan-1024x600.jpg\" alt=\"\" class=\"wp-image-7155\" width=\"579\" height=\"339\" srcset=\"http:\/\/www.strokeforeningen-helsingborg.se\/wp-content\/uploads\/2023\/11\/Nyvangmuseetgruvan-1024x600.jpg 1024w, http:\/\/www.strokeforeningen-helsingborg.se\/wp-content\/uploads\/2023\/11\/Nyvangmuseetgruvan-300x176.jpg 300w, http:\/\/www.strokeforeningen-helsingborg.se\/wp-content\/uploads\/2023\/11\/Nyvangmuseetgruvan-768x450.jpg 768w, http:\/\/www.strokeforeningen-helsingborg.se\/wp-content\/uploads\/2023\/11\/Nyvangmuseetgruvan-1536x900.jpg 1536w, http:\/\/www.strokeforeningen-helsingborg.se\/wp-content\/uploads\/2023\/11\/Nyvangmuseetgruvan-2048x1200.jpg 2048w\" sizes=\"(max-width: 579px) 100vw, 579px\" \/><\/a><figcaption><strong>Klicka f\u00f6r st\u00f6rre bild. <\/strong><em>Foto Eva Bj\u00f6rklun<\/em>d.<\/figcaption><\/figure><\/div>\n\n\n\n<p class=\"has-medium-font-size\"><strong>Gruvans grundare Carl Cervin har f\u00e5tt \u201deget\u201d schakt &#8211; nerfart till gruvan. Byggnaden h\u00e4r ovan \u00e4r idag inrett som mus\u00e9um.<\/strong> <strong>Bilderna visar fram &#8211; och baksidan av samma byggnad.<\/strong><\/p>\n\n\n\n<div class=\"wp-block-image\"><figure class=\"aligncenter size-full is-resized\"><a href=\"https:\/\/www.strokeforeningen-helsingborg.se\/wp-content\/uploads\/2023\/11\/stenkolet3.jpg\"><img loading=\"lazy\" src=\"https:\/\/www.strokeforeningen-helsingborg.se\/wp-content\/uploads\/2023\/11\/stenkolet3.jpg\" alt=\"\" class=\"wp-image-7167\" width=\"678\" height=\"557\" srcset=\"http:\/\/www.strokeforeningen-helsingborg.se\/wp-content\/uploads\/2023\/11\/stenkolet3.jpg 821w, http:\/\/www.strokeforeningen-helsingborg.se\/wp-content\/uploads\/2023\/11\/stenkolet3-300x246.jpg 300w, http:\/\/www.strokeforeningen-helsingborg.se\/wp-content\/uploads\/2023\/11\/stenkolet3-768x630.jpg 768w\" sizes=\"(max-width: 678px) 100vw, 678px\" \/><\/a><figcaption><strong><em>Information fr\u00e5n gruvan.<\/em><\/strong> <em>Foto Eva Bj\u00f6rklund<\/em>. Klicka f\u00f6r st\u00f6rre bild.<\/figcaption><\/figure><\/div>\n\n\n\n<p class=\"has-medium-font-size\"><strong>Vi intog d\u00e4refter lunch p\u00e5 den trevliga restaurangen Senioren i Klippan. <br>M\u00e4tta och bel\u00e5tna begav vi oss n\u00e4stg\u00e5rds till den \u00e5r 1879 grundade Yllefabriken i Klippan med dess tillverkning av ylleprodukter. Mest k\u00e4nt \u00e4r dess yllefiltar. Vi gick runt och botaniserade bland filtar, pl\u00e4dar, m.m, och vi handlade en del.<\/strong><\/p>\n\n\n\n<div class=\"wp-block-image\"><figure class=\"aligncenter size-large\"><a href=\"http:\/\/www.strokeforeningen-helsingborg.se\/wp-content\/uploads\/2023\/11\/vaskor4.jpg\"><img loading=\"lazy\" width=\"212\" height=\"310\" src=\"http:\/\/www.strokeforeningen-helsingborg.se\/wp-content\/uploads\/2023\/11\/vaskor4.jpg\" alt=\"\" class=\"wp-image-7175\" srcset=\"http:\/\/www.strokeforeningen-helsingborg.se\/wp-content\/uploads\/2023\/11\/vaskor4.jpg 212w, http:\/\/www.strokeforeningen-helsingborg.se\/wp-content\/uploads\/2023\/11\/vaskor4-205x300.jpg 205w\" sizes=\"(max-width: 212px) 100vw, 212px\" \/><\/a><figcaption><strong><em>V\u00e4skorna \u00e4r gjorda av filtat ylle. <\/em><\/strong><em>Foto Eva Bj\u00f6rklund.<\/em><\/figcaption><\/figure><\/div>\n\n\n\n<p class=\"has-medium-font-size\"><strong>Glada, n\u00f6jda och fyllda med kunskap om kolbrytning och ylleprodukter rundade vi av med gott eftermiddagskaffe p\u00e5 g\u00e5rdsbutiken S\u00e5nnag\u00e5rden i Kvidinge innan det bar hem\u00e5t i det vackra h\u00f6stliknande landskapet.<\/strong><\/p>\n\n\n\n<p class=\"has-medium-font-size\"><strong>Tack alla f\u00f6r en trevlig och underbar utflyktsdag.<\/strong><\/p>\n","protected":false},"excerpt":{"rendered":"<p>Tisdagen den 24 oktober 2023 hade Strokef\u00f6reningarna \u00d6resund\/Nordvesten en bussutflykt i v\u00e5rt Nordv\u00e4stsk\u00e5nska n\u00e4romr\u00e5de i handikappanpassad buss.Vi inledde med ett bes\u00f6k i gruvorten Nyv\u00e5ng i \u00c5storp Kommun &#8211; centralt bel\u00e4gen i Nordv\u00e4stra Sk\u00e5nes utstr\u00e4ckta kolbrytningsomr\u00e5de under 1900-talet. D\u00e4r bes\u00f6kte vi &hellip; <a href=\"http:\/\/www.strokeforeningen-helsingborg.se\/?page_id=7147\">L\u00e4s mer <span class=\"meta-nav\">&rarr;<\/span><\/a><\/p>\n","protected":false},"author":2,"featured_media":0,"parent":7051,"menu_order":0,"comment_status":"closed","ping_status":"closed","template":"","meta":{"spay_email":"","_links_to":"","_links_to_target":""},"jetpack_shortlink":"https:\/\/wp.me\/P3JVlQ-1Rh","jetpack_sharing_enabled":true,"_links":{"self":[{"href":"http:\/\/www.strokeforeningen-helsingborg.se\/index.php?rest_route=\/wp\/v2\/pages\/7147"}],"collection":[{"href":"http:\/\/www.strokeforeningen-helsingborg.se\/index.php?rest_route=\/wp\/v2\/pages"}],"about":[{"href":"http:\/\/www.strokeforeningen-helsingborg.se\/index.php?rest_route=\/wp\/v2\/types\/page"}],"author":[{"embeddable":true,"href":"http:\/\/www.strokeforeningen-helsingborg.se\/index.php?rest_route=\/wp\/v2\/users\/2"}],"replies":[{"embeddable":true,"href":"http:\/\/www.strokeforeningen-helsingborg.se\/index.php?rest_route=%2Fwp%2Fv2%2Fcomments&post=7147"}],"version-history":[{"count":27,"href":"http:\/\/www.strokeforeningen-helsingborg.se\/index.php?rest_route=\/wp\/v2\/pages\/7147\/revisions"}],"predecessor-version":[{"id":7182,"href":"http:\/\/www.strokeforeningen-helsingborg.se\/index.php?rest_route=\/wp\/v2\/pages\/7147\/revisions\/7182"}],"up":[{"embeddable":true,"href":"http:\/\/www.strokeforeningen-helsingborg.se\/index.php?rest_route=\/wp\/v2\/pages\/7051"}],"wp:attachment":[{"href":"http:\/\/www.strokeforeningen-helsingborg.se\/index.php?rest_route=%2Fwp%2Fv2%2Fmedia&parent=7147"}],"curies":[{"name":"wp","href":"https:\/\/api.w.org\/{rel}","templated":true}]}}